{"version":"1.0","provider_name":"Entorno Empresarial","provider_url":"https:\/\/coparmexjal.org.mx\/entorno-empresarial","author_name":"Gaby Guerra","author_url":"https:\/\/coparmexjal.org.mx\/entorno-empresarial\/author\/gabriela-guerra\/","title":"So\u00f1ar es poder: Juan Verde - Entorno Empresarial","type":"rich","width":600,"height":338,"html":"<blockquote class=\"wp-embedded-content\" data-secret=\"fpi4lpA7DG\"><a href=\"https:\/\/coparmexjal.org.mx\/entorno-empresarial\/sonar-es-poder-juan-verde\/\">So\u00f1ar es poder: Juan Verde<\/a><\/blockquote><iframe sandbox=\"allow-scripts\" security=\"restricted\" src=\"https:\/\/coparmexjal.org.mx\/entorno-empresarial\/sonar-es-poder-juan-verde\/embed\/#?secret=fpi4lpA7DG\" width=\"600\" height=\"338\" title=\"&#8220;So\u00f1ar es poder: Juan Verde&#8221; &#8212; Entorno Empresarial\" data-secret=\"fpi4lpA7DG\" frameborder=\"0\" marginwidth=\"0\" marginheight=\"0\" scrolling=\"no\" class=\"wp-embedded-content\"><\/iframe><script type=\"text\/javascript\">\n\/* <![CDATA[ *\/\n\/*! This file is auto-generated *\/\n!function(d,l){\"use strict\";l.querySelector&&d.addEventListener&&\"undefined\"!=typeof URL&&(d.wp=d.wp||{},d.wp.receiveEmbedMessage||(d.wp.receiveEmbedMessage=function(e){var t=e.data;if((t||t.secret||t.message||t.value)&&!\/[^a-zA-Z0-9]\/.test(t.secret)){for(var s,r,n,a=l.querySelectorAll('iframe[data-secret=\"'+t.secret+'\"]'),o=l.querySelectorAll('blockquote[data-secret=\"'+t.secret+'\"]'),c=new RegExp(\"^https?:$\",\"i\"),i=0;i<o.length;i++)o[i].style.display=\"none\";for(i=0;i<a.length;i++)s=a[i],e.source===s.contentWindow&&(s.removeAttribute(\"style\"),\"height\"===t.message?(1e3<(r=parseInt(t.value,10))?r=1e3:~~r<200&&(r=200),s.height=r):\"link\"===t.message&&(r=new URL(s.getAttribute(\"src\")),n=new URL(t.value),c.test(n.protocol))&&n.host===r.host&&l.activeElement===s&&(d.top.location.href=t.value))}},d.addEventListener(\"message\",d.wp.receiveEmbedMessage,!1),l.addEventListener(\"DOMContentLoaded\",function(){for(var e,t,s=l.querySelectorAll(\"iframe.wp-embedded-content\"),r=0;r<s.length;r++)(t=(e=s[r]).getAttribute(\"data-secret\"))||(t=Math.random().toString(36).substring(2,12),e.src+=\"#?secret=\"+t,e.setAttribute(\"data-secret\",t)),e.contentWindow.postMessage({message:\"ready\",secret:t},\"*\")},!1)))}(window,document);\n\/* ]]> *\/\n<\/script>\n","thumbnail_url":"https:\/\/coparmexjal.org.mx\/entorno-empresarial\/wp-content\/uploads\/2014\/05\/Juan-Verde.jpg","thumbnail_width":1200,"thumbnail_height":800,"description":"\u00bfQu\u00e9 ha hecho que Juan se coloque en la mira de los reflectores de gran parte del mundo? Ni m\u00e1s ni menos que fungir como codirector de la campa\u00f1a internacional de uno de los presidentes estadounidenses que ha causado mayor revuelo en todo el mundo: Barack Obama."}

Soñar es poder: Juan Verde - Entorno Empresarial

<blockquote class="wp-embedded-content" data-secret="fpi4lpA7DG"><a href="https://coparmexjal.org.mx/entorno-empresarial/sonar-es-poder-juan-verde/">Soñar es poder: Juan Verde</a></blockquote><iframe sandbox="allow-scripts" security="restricted" src="https://coparmexjal.org.mx/entorno-empresarial/sonar-es-poder-juan-verde/embed/#?secret=fpi4lpA7DG" width="600" height="338" title="&#8220;Soñar es poder: Juan Verde&#8221; &#8212; Entorno Empresarial" data-secret="fpi4lpA7DG" frameborder="0" marginwidth="0" marginheight="0" scrolling="no" class="wp-embedded-content"></iframe><script type="text/javascript">
/* <![CDATA[ */
/*! This file is auto-generated */
!function(d,l){"use strict";l.querySelector&&d.addEventListener&&"undefined"!=typeof URL&&(d.wp=d.wp||{},d.wp.receiveEmbedMessage||(d.wp.receiveEmbedMessage=function(e){var t=e.data;if((t||t.secret||t.message||t.value)&&!/[^a-zA-Z0-9]/.test(t.secret)){for(var s,r,n,a=l.querySelectorAll('iframe[data-secret="'+t.secret+'"]'),o=l.querySelectorAll('blockquote[data-secret="'+t.secret+'"]'),c=new RegExp("^https?:$","i"),i=0;i<o.length;i++)o[i].style.display="none";for(i=0;i<a.length;i++)s=a[i],e.source===s.contentWindow&&(s.removeAttribute("style"),"height"===t.message?(1e3<(r=parseInt(t.value,10))?r=1e3:~~r<200&&(r=200),s.height=r):"link"===t.message&&(r=new URL(s.getAttribute("src")),n=new URL(t.value),c.test(n.protocol))&&n.host===r.host&&l.activeElement===s&&(d.top.location.href=t.value))}},d.addEventListener("message",d.wp.receiveEmbedMessage,!1),l.addEventListener("DOMContentLoaded",function(){for(var e,t,s=l.querySelectorAll("iframe.wp-embedded-content"),r=0;r<s.length;r++)(t=(e=s[r]).getAttribute("data-secret"))||(t=Math.random().toString(36).substring(2,12),e.src+="#?secret="+t,e.setAttribute("data-secret",t)),e.contentWindow.postMessage({message:"ready",secret:t},"*")},!1)))}(window,document);
/* ]]> */
</script>

¿Qué ha hecho que Juan se coloque en la mira de los reflectores de gran parte del mundo? Ni más ni menos que fungir como codirector de la campaña internacional de uno de los presidentes estadounidenses que ha causado mayor revuelo en todo el mundo: Barack Obama.
