{"id":21079,"date":"2022-11-17T18:09:51","date_gmt":"2022-11-18T00:09:51","guid":{"rendered":"https:\/\/coparmexjal.org.mx\/cpx\/?page_id=21079"},"modified":"2022-11-23T20:20:08","modified_gmt":"2022-11-24T02:20:08","slug":"cumplimiento-proteccion-civil-pymes","status":"publish","type":"page","link":"https:\/\/coparmexjal.org.mx\/cpx\/cumplimiento-proteccion-civil-pymes\/","title":{"rendered":"Cumplimiento ante Protecci\u00f3n Civil para PyMEs"},"content":{"rendered":"<p>[vc_row][vc_column][vc_single_image image=\u00bb21090&#8243; img_size=\u00bbfull\u00bb alignment=\u00bbcenter\u00bb][\/vc_column][\/vc_row][vc_row][vc_column width=\u00bb1\/2&#8243;][vc_row_inner][vc_column_inner css=\u00bb.vc_custom_1667243397819{background-image: url(https:\/\/coparmexjal.org.mx\/cpx\/wp-content\/uploads\/2022\/10\/franja.png?id=21094) !important;background-position: center !important;background-repeat: no-repeat !important;background-size: cover !important;}\u00bb][vc_custom_heading text=\u00bb\u00bfQu\u00e9 es?\u00bb font_container=\u00bbtag:h2|text_align:center|color:%23f18413&#8243; google_fonts=\u00bbfont_family:Montserrat%3Aregular%2C700|font_style:700%20bold%20regular%3A700%3Anormal\u00bb css=\u00bb.vc_custom_1667243460767{padding-bottom: 20px !important;}\u00bb][\/vc_column_inner][\/vc_row_inner][vc_empty_space height=\u00bb20px\u00bb][vc_column_text]<span style=\"font-size: 18px;\"> Es un documento interno de planeaci\u00f3n que se implementa en cada uno de los centros de trabajo, con el fin de <strong>establecer acciones preventivas<\/strong> y de auxilio destinadas a s<strong>alvaguardar la integridad f\u00edsica de los empleados<\/strong> y las <strong>personas que concurren a ellos.<\/strong> <\/span>[\/vc_column_text][\/vc_column][vc_column width=\u00bb1\/2&#8243;][vc_row_inner][vc_column_inner css=\u00bb.vc_custom_1667243397819{background-image: url(https:\/\/coparmexjal.org.mx\/cpx\/wp-content\/uploads\/2022\/10\/franja.png?id=21094) !important;background-position: center !important;background-repeat: no-repeat !important;background-size: cover !important;}\u00bb][vc_custom_heading text=\u00bb\u00bfPara qui\u00e9n?\u00bb font_container=\u00bbtag:h2|text_align:center|color:%23f18413&#8243; google_fonts=\u00bbfont_family:Montserrat%3Aregular%2C700|font_style:700%20bold%20regular%3A700%3Anormal\u00bb css=\u00bb.vc_custom_1667244688321{padding-bottom: 20px !important;}\u00bb][\/vc_column_inner][\/vc_row_inner][vc_empty_space height=\u00bb20px\u00bb][vc_column_text]<span style=\"font-size: 18px;\"> <strong> Articulo 5 LPC del Edo de Jalisco y Art. 40 de la Ley General de PC,<\/strong> los inmuebles pertenecientes a los sectores p\u00fablico en sus tres \u00e1mbitos de gobierno, privado y social, donde desarrollen actividades o de servicios de mediano y alto riesgo, aquellos inmuebles que reciban una afluencia masiva de personas.<\/span>[\/vc_column_text][\/vc_column][\/vc_row][vc_row][vc_column][vc_custom_heading text=\u00bb\u00bfQu\u00e9 tipo de riesgo tiene tu empresa?\u00bb font_container=\u00bbtag:h2|text_align:center|color:%23f18413&#8243; google_fonts=\u00bbfont_family:Montserrat%3Aregular%2C700|font_style:700%20bold%20regular%3A700%3Anormal\u00bb css=\u00bb.vc_custom_1667250355706{padding-top: 20px !important;padding-bottom: 20px !important;background-image: url(https:\/\/coparmexjal.org.mx\/cpx\/wp-content\/uploads\/2022\/10\/franja.png?id=21094) !important;background-position: center !important;background-repeat: no-repeat !important;background-size: cover !important;}\u00bb][vc_empty_space height=\u00bb25px\u00bb][\/vc_column][\/vc_row][vc_row][vc_column width=\u00bb1\/2&#8243;][vc_single_image image=\u00bb21125&#8243; img_size=\u00bbfull\u00bb alignment=\u00bbcenter\u00bb][vc_column_text]Algunos de los factores a considerar para determinar el grado de riesgo del centro de trabajo son: &#8211; Los centros de trabajo que cuenten con una construcci\u00f3n mayor a 3000 m2 de construcci\u00f3n o se encuentren en una edificaci\u00f3n de m\u00e1s de 25 mts de altura y\/o cuenten on m\u00e1s de 250 ocupantes y ademas. &#8211; Se generan residuos peligrosos como sustancias corrosivas, explosivas, t\u00f3xicas, inflamables o por desechos de car\u00e1cter biol\u00f3gico (curaciones y procesos biol\u00f3gicos). &#8211; La afluencia de m\u00e1s de 25 personas. &#8211; El centro de trabajo tiene un tiempo de construcci\u00f3n de 5 a\u00f1os o m\u00e1s. &#8211; Cuenta con calderas, no tiene un programa de mantenimiento preventivo a las instalaciones, maquinaria y equipo, no existe un programa de capacitaci\u00f3n y\/o no cuente con equipo para la prevenci\u00f3n control y combate de incendios.[\/vc_column_text][\/vc_column][vc_column width=\u00bb1\/2&#8243;][vc_single_image image=\u00bb21127&#8243; img_size=\u00bbfull\u00bb alignment=\u00bbcenter\u00bb][vc_column_text]En relaci\u00f3n a los establecimientos que se encuentran clasificados de bajo Riesgo, deber\u00e1n cumplir con lo siguiente: &#8211; Extintor o extintores debidamente se\u00f1alizados &#8211; Contar con un botiqu\u00edn b\u00e1sico de primeros auxilios con material de curaci\u00f3n, debidamente se\u00f1alizado &#8211; Se\u00f1alizaci\u00f3n de rutas de evacuaci\u00f3n &#8211; Instalaciones adecuadas para almacenamiento de basura &#8211; Capacitaci\u00f3n obligatoria del personal en materia de gesti\u00f3n integral de riesgos y protecci\u00f3n civil &#8211; Directorio de servicios de atenci\u00f3n de emergencias[\/vc_column_text][\/vc_column][\/vc_row][vc_row][vc_column][vc_single_image image=\u00bb21133&#8243; img_size=\u00bbfull\u00bb][vc_empty_space height=\u00bb25px\u00bb][\/vc_column][\/vc_row][vc_row][vc_column][vc_custom_heading text=\u00bbProgramas\u00bb font_container=\u00bbtag:h2|text_align:center|color:%23f18413&#8243; google_fonts=\u00bbfont_family:Montserrat%3Aregular%2C700|font_style:700%20bold%20regular%3A700%3Anormal\u00bb css=\u00bb.vc_custom_1667245193161{padding-top: 20px !important;padding-bottom: 20px !important;background-image: url(https:\/\/coparmexjal.org.mx\/cpx\/wp-content\/uploads\/2022\/10\/franja.png?id=21094) !important;background-position: center !important;background-repeat: no-repeat !important;background-size: cover !important;}\u00bb][vc_empty_space height=\u00bb25px\u00bb][\/vc_column][\/vc_row][vc_row][vc_column width=\u00bb1\/4&#8243;][vc_single_image image=\u00bb21136&#8243; img_size=\u00bbfull\u00bb][\/vc_column][vc_column width=\u00bb1\/4&#8243;][vc_single_image image=\u00bb21138&#8243; img_size=\u00bbfull\u00bb][\/vc_column][vc_column width=\u00bb1\/4&#8243;][vc_single_image image=\u00bb21140&#8243; img_size=\u00bbfull\u00bb][\/vc_column][vc_column width=\u00bb1\/4&#8243;][vc_single_image image=\u00bb21144&#8243; img_size=\u00bbfull\u00bb][\/vc_column][\/vc_row][vc_row][vc_column][\/vc_column][\/vc_row][vc_row][vc_column][vc_custom_heading text=\u00bb\u00bfDeseas m\u00e1s informaci\u00f3n?\u00bb font_container=\u00bbtag:h2|text_align:center|color:%23f18413&#8243; google_fonts=\u00bbfont_family:Montserrat%3Aregular%2C700|font_style:700%20bold%20regular%3A700%3Anormal\u00bb css=\u00bb.vc_custom_1668729420108{padding-top: 20px !important;padding-bottom: 20px !important;background-image: url(https:\/\/coparmexjal.org.mx\/cpx\/wp-content\/uploads\/2022\/10\/franja.png?id=21094) !important;background-position: center !important;background-repeat: no-repeat !important;background-size: cover !important;}\u00bb][vc_empty_space height=\u00bb25px\u00bb][\/vc_column][\/vc_row][vc_row][vc_column][dhvc_form id=\u00bb21175&#8243;][\/vc_column][\/vc_row]<\/p>\n","protected":false},"excerpt":{"rendered":"<p>[vc_row][vc_column][vc_single_image image=\u00bb21090&#8243; img_size=\u00bbfull\u00bb alignment=\u00bbcenter\u00bb][\/vc_column][\/vc_row][vc_row][vc_column width=\u00bb1\/2&#8243;][vc_row_inner][vc_column_inner css=\u00bb.vc_custom_1667243397819{background-image: url(https:\/\/coparmexjal.org.mx\/cpx\/wp-content\/uploads\/2022\/10\/franja.png?id=21094) !important;background-position: center !important;background-repeat: no-repeat !important;background-size: cover !important;}\u00bb][vc_custom_heading text=\u00bb\u00bfQu\u00e9 es?\u00bb font_container=\u00bbtag:h2|text_align:center|color:%23f18413&#8243; google_fonts=\u00bbfont_family:Montserrat%3Aregular%2C700|font_style:700%20bold%20regular%3A700%3Anormal\u00bb css=\u00bb.vc_custom_1667243460767{padding-bottom: 20px !important;}\u00bb][\/vc_column_inner][\/vc_row_inner][vc_empty_space height=\u00bb20px\u00bb][vc_column_text] Es un documento interno de planeaci\u00f3n que se implementa en cada uno de los centros de trabajo, con el fin de establecer acciones preventivas y de auxilio destinadas a salvaguardar la integridad f\u00edsica &hellip; <\/p>\n","protected":false},"author":1,"featured_media":0,"parent":0,"menu_order":0,"comment_status":"closed","ping_status":"closed","template":"","meta":{"footnotes":""},"class_list":["post-21079","page","type-page","status-publish","hentry"],"_links":{"self":[{"href":"https:\/\/coparmexjal.org.mx\/cpx\/wp-json\/wp\/v2\/pages\/21079","targetHints":{"allow":["GET"]}}],"collection":[{"href":"https:\/\/coparmexjal.org.mx\/cpx\/wp-json\/wp\/v2\/pages"}],"about":[{"href":"https:\/\/coparmexjal.org.mx\/cpx\/wp-json\/wp\/v2\/types\/page"}],"author":[{"embeddable":true,"href":"https:\/\/coparmexjal.org.mx\/cpx\/wp-json\/wp\/v2\/users\/1"}],"replies":[{"embeddable":true,"href":"https:\/\/coparmexjal.org.mx\/cpx\/wp-json\/wp\/v2\/comments?post=21079"}],"version-history":[{"count":62,"href":"https:\/\/coparmexjal.org.mx\/cpx\/wp-json\/wp\/v2\/pages\/21079\/revisions"}],"predecessor-version":[{"id":21180,"href":"https:\/\/coparmexjal.org.mx\/cpx\/wp-json\/wp\/v2\/pages\/21079\/revisions\/21180"}],"wp:attachment":[{"href":"https:\/\/coparmexjal.org.mx\/cpx\/wp-json\/wp\/v2\/media?parent=21079"}],"curies":[{"name":"wp","href":"https:\/\/api.w.org\/{rel}","templated":true}]}}