{"id":9318,"date":"2016-11-04T15:56:26","date_gmt":"2016-11-04T21:56:26","guid":{"rendered":"http:\/\/coparmexjal.org.mx\/?post_type=mec-events&#038;p=9318"},"modified":"2023-10-05T15:57:50","modified_gmt":"2023-10-05T21:57:50","slug":"como-elaborar-un-plan-de-capacitacion-empresarial","status":"publish","type":"mec-events","link":"https:\/\/coparmexjal.org.mx\/cpx\/cursos\/como-elaborar-un-plan-de-capacitacion-empresarial\/","title":{"rendered":"C\u00f3mo Elaborar un Plan de Capacitaci\u00f3n Empresarial y Retorno de la Inversi\u00f3n"},"content":{"rendered":"<p>[vc_row][vc_column][vc_column_text]Dise\u00f1a un plan de capacitaci\u00f3n con base a la normatividad de las Secretar\u00eda del Trabajo y Previsi\u00f3n Social (STPS) para cumplir con los requerimientos en materia de capacitaci\u00f3n.<\/p>\n<p><strong>\u00bfPara qui\u00e9n es este curso?<\/strong><br \/>\nPersonal de recursos humanos, encargado de capacitaci\u00f3n, directores interesados en la capacitaci\u00f3n del personal[\/vc_column_text][\/vc_column][\/vc_row][vc_row][vc_column][vc_tta_accordion style=\u00bbmodern\u00bb active_section=\u00bb0&#8243; no_fill=\u00bbtrue\u00bb collapsible_all=\u00bbtrue\u00bb title=\u00bbTemario\u00bb][vc_tta_section title=\u00bbVectores cr\u00edticos de \u00e9xito\u00bb tab_id=\u00bb1572040042016-5cce572d-ba10&#8243;][\/vc_tta_section][vc_tta_section title=\u00bbFilosof\u00eda de la empresa\u00bb tab_id=\u00bb1572040042052-a5098803-647b\u00bb][\/vc_tta_section][vc_tta_section title=\u00bb6 pasos del proceso de capacitaci\u00f3n (crear contacto, detecci\u00f3n de necesidades, diagn\u00f3stico de necesidades, dise\u00f1o de plan y programa, cronograma de capacitaci\u00f3n, ejecuci\u00f3n de capacitaci\u00f3n, evaluaci\u00f3n y seguimiento.\u00bb tab_id=\u00bb1572040325111-9bec5bc2-a1ac\u00bb][\/vc_tta_section][vc_tta_section title=\u00bbPol\u00edticas de capacitaci\u00f3n de instructores internos\u00bb tab_id=\u00bb1596138005709-afcc1f5b-0ed9&#8243;][\/vc_tta_section][vc_tta_section title=\u00bbSelecci\u00f3n, formaci\u00f3n y registro de instructores internos\u00bb tab_id=\u00bb1596138016298-69731611-a9f1&#8243;][\/vc_tta_section][vc_tta_section title=\u00bb\u00bfC\u00f3mo se calcula el ROI?\u00bb tab_id=\u00bb1606512138072-b8eecf1a-7479&#8243;][\/vc_tta_section][vc_tta_section title=\u00bbIndicadores del ROI\u00bb tab_id=\u00bb1606512157070-56446cd0-9c51&#8243;][\/vc_tta_section][\/vc_tta_accordion][\/vc_column][\/vc_row]<\/p>\n","protected":false},"excerpt":{"rendered":"<p>Conoce los elementos y desarrollar c\u00f3mo aplicarlos, para desarrollar un DNC especializado, con especificaciones que contenga su plan anual de capacitaci\u00f3n.<\/p>\n","protected":false},"author":1,"featured_media":9334,"comment_status":"closed","ping_status":"closed","template":"","tags":[142,781,132,487,172,369],"mec_category":[899,687],"mec_speaker":[],"class_list":["post-9318","mec-events","type-mec-events","status-publish","has-post-thumbnail","hentry","tag-administracion","tag-financieros","tag-gerentes","tag-legales","tag-recursos-humanos","tag-supervisor","mec_category-academia-de-capital-humano","mec_category-recursos-humanos"],"_links":{"self":[{"href":"https:\/\/coparmexjal.org.mx\/cpx\/wp-json\/wp\/v2\/mec-events\/9318","targetHints":{"allow":["GET"]}}],"collection":[{"href":"https:\/\/coparmexjal.org.mx\/cpx\/wp-json\/wp\/v2\/mec-events"}],"about":[{"href":"https:\/\/coparmexjal.org.mx\/cpx\/wp-json\/wp\/v2\/types\/mec-events"}],"author":[{"embeddable":true,"href":"https:\/\/coparmexjal.org.mx\/cpx\/wp-json\/wp\/v2\/users\/1"}],"replies":[{"embeddable":true,"href":"https:\/\/coparmexjal.org.mx\/cpx\/wp-json\/wp\/v2\/comments?post=9318"}],"wp:featuredmedia":[{"embeddable":true,"href":"https:\/\/coparmexjal.org.mx\/cpx\/wp-json\/wp\/v2\/media\/9334"}],"wp:attachment":[{"href":"https:\/\/coparmexjal.org.mx\/cpx\/wp-json\/wp\/v2\/media?parent=9318"}],"wp:term":[{"taxonomy":"post_tag","embeddable":true,"href":"https:\/\/coparmexjal.org.mx\/cpx\/wp-json\/wp\/v2\/tags?post=9318"},{"taxonomy":"mec_category","embeddable":true,"href":"https:\/\/coparmexjal.org.mx\/cpx\/wp-json\/wp\/v2\/mec_category?post=9318"},{"taxonomy":"mec_speaker","embeddable":true,"href":"https:\/\/coparmexjal.org.mx\/cpx\/wp-json\/wp\/v2\/mec_speaker?post=9318"}],"curies":[{"name":"wp","href":"https:\/\/api.w.org\/{rel}","templated":true}]}}

Cómo Elaborar un Plan de Capacitación Empresarial y Retorno de la Inversión

<p>[vc_row][vc_column][vc_column_text]Diseña un plan de capacitación con base a la normatividad de las Secretaría del Trabajo y Previsión Social (STPS) para cumplir con los requerimientos en materia de capacitación.</p>
<p><strong>¿Para quién es este curso?</strong><br />
Personal de recursos humanos, encargado de capacitación, directores interesados en la capacitación del personal[/vc_column_text][/vc_column][/vc_row][vc_row][vc_column][vc_tta_accordion style=»modern» active_section=»0&#8243; no_fill=»true» collapsible_all=»true» title=»Temario»][vc_tta_section title=»Vectores críticos de éxito» tab_id=»1572040042016-5cce572d-ba10&#8243;][/vc_tta_section][vc_tta_section title=»Filosofía de la empresa» tab_id=»1572040042052-a5098803-647b»][/vc_tta_section][vc_tta_section title=»6 pasos del proceso de capacitación (crear contacto, detección de necesidades, diagnóstico de necesidades, diseño de plan y programa, cronograma de capacitación, ejecución de capacitación, evaluación y seguimiento.» tab_id=»1572040325111-9bec5bc2-a1ac»][/vc_tta_section][vc_tta_section title=»Políticas de capacitación de instructores internos» tab_id=»1596138005709-afcc1f5b-0ed9&#8243;][/vc_tta_section][vc_tta_section title=»Selección, formación y registro de instructores internos» tab_id=»1596138016298-69731611-a9f1&#8243;][/vc_tta_section][vc_tta_section title=»¿Cómo se calcula el ROI?» tab_id=»1606512138072-b8eecf1a-7479&#8243;][/vc_tta_section][vc_tta_section title=»Indicadores del ROI» tab_id=»1606512157070-56446cd0-9c51&#8243;][/vc_tta_section][/vc_tta_accordion][/vc_column][/vc_row]</p>

<p>Conoce los elementos y desarrollar cómo aplicarlos, para desarrollar un DNC especializado, con especificaciones que contenga su plan anual de capacitación.</p>
