{"id":24388,"date":"2025-06-06T15:21:00","date_gmt":"2025-06-06T21:21:00","guid":{"rendered":"https:\/\/coparmexjal.org.mx\/cpx\/?post_type=mec-events&#038;p=24388"},"modified":"2025-06-06T15:21:00","modified_gmt":"2025-06-06T21:21:00","slug":"mc-liderazgo","status":"publish","type":"mec-events","link":"https:\/\/coparmexjal.org.mx\/cpx\/cursos\/mc-liderazgo\/","title":{"rendered":"Master class &#8211; Liderazgo y Comunicaci\u00f3n en la Era IA"},"content":{"rendered":"<p>[vc_row][vc_column][vc_column_text]<\/p>\n<div class=\"page\" title=\"Page 1\">\n<div class=\"section\">\n<div class=\"layoutArea\">\n<div class=\"column\">Gerentes y l\u00edderes tendr\u00e1n una introducci\u00f3n pr\u00e1ctica a las habilidades gerenciales m\u00e1s demandadas, enfoc\u00e1ndose en el liderazgo y comunicaci\u00f3n efectiva como pilares para lograr equipos m\u00e1s comprometidos y productivos.<\/div>\n<\/div>\n<\/div>\n<\/div>\n<p>[\/vc_column_text][\/vc_column][\/vc_row][vc_row css=\u00bb.vc_custom_1644542146667{background-color: #f9f9f9 !important;}\u00bb][vc_column][vc_row_inner][vc_column_inner][vc_column_text]<b><span style=\"color: #339966;\">Fecha:<\/span><br \/>\n<\/b>12 de junio<\/p>\n<p><b style=\"color: #339966;\">Horario:<br \/>\n<\/b>10:00 a.m.[\/vc_column_text][\/vc_column_inner][\/vc_row_inner][\/vc_column][\/vc_row][vc_row][vc_column][vc_btn title=\u00bbReg\u00edstrate aqu\u00ed sin costo\u00bb color=\u00bbprimary\u00bb link=\u00bburl:https%3A%2F%2Fforms.gle%2FtxPrLRWKyVmD27rh7||target:%20_blank|\u00bb][\/vc_column][\/vc_row]<\/p>\n","protected":false},"excerpt":{"rendered":"<p>[vc_row][vc_column][vc_column_text] Gerentes y l\u00edderes tendr\u00e1n una introducci\u00f3n pr\u00e1ctica a las habilidades gerenciales m\u00e1s demandadas, enfoc\u00e1ndose en el liderazgo y comunicaci\u00f3n efectiva como pilares para lograr equipos m\u00e1s comprometidos y productivos. [\/vc_column_text][\/vc_column][\/vc_row][vc_row css=\u00bb.vc_custom_1644542146667{background-color: #f9f9f9 !important;}\u00bb][vc_column][vc_row_inner][vc_column_inner][vc_column_text]Fecha: 12 de junio Horario: 10:00 a.m.[\/vc_column_text][\/vc_column_inner][\/vc_row_inner][\/vc_column][\/vc_row][vc_row][vc_column][vc_btn title=\u00bbReg\u00edstrate aqu\u00ed sin costo\u00bb color=\u00bbprimary\u00bb link=\u00bburl:https%3A%2F%2Fforms.gle%2FtxPrLRWKyVmD27rh7||target:%20_blank|\u00bb][\/vc_column][\/vc_row]<\/p>\n","protected":false},"author":1,"featured_media":9300,"comment_status":"closed","ping_status":"closed","template":"","tags":[],"mec_category":[673],"mec_speaker":[927,932],"class_list":["post-24388","mec-events","type-mec-events","status-publish","has-post-thumbnail","hentry","mec_category-habilidades"],"_links":{"self":[{"href":"https:\/\/coparmexjal.org.mx\/cpx\/wp-json\/wp\/v2\/mec-events\/24388","targetHints":{"allow":["GET"]}}],"collection":[{"href":"https:\/\/coparmexjal.org.mx\/cpx\/wp-json\/wp\/v2\/mec-events"}],"about":[{"href":"https:\/\/coparmexjal.org.mx\/cpx\/wp-json\/wp\/v2\/types\/mec-events"}],"author":[{"embeddable":true,"href":"https:\/\/coparmexjal.org.mx\/cpx\/wp-json\/wp\/v2\/users\/1"}],"replies":[{"embeddable":true,"href":"https:\/\/coparmexjal.org.mx\/cpx\/wp-json\/wp\/v2\/comments?post=24388"}],"wp:featuredmedia":[{"embeddable":true,"href":"https:\/\/coparmexjal.org.mx\/cpx\/wp-json\/wp\/v2\/media\/9300"}],"wp:attachment":[{"href":"https:\/\/coparmexjal.org.mx\/cpx\/wp-json\/wp\/v2\/media?parent=24388"}],"wp:term":[{"taxonomy":"post_tag","embeddable":true,"href":"https:\/\/coparmexjal.org.mx\/cpx\/wp-json\/wp\/v2\/tags?post=24388"},{"taxonomy":"mec_category","embeddable":true,"href":"https:\/\/coparmexjal.org.mx\/cpx\/wp-json\/wp\/v2\/mec_category?post=24388"},{"taxonomy":"mec_speaker","embeddable":true,"href":"https:\/\/coparmexjal.org.mx\/cpx\/wp-json\/wp\/v2\/mec_speaker?post=24388"}],"curies":[{"name":"wp","href":"https:\/\/api.w.org\/{rel}","templated":true}]}}

Master class &#8211; Liderazgo y Comunicación en la Era IA

<p>[vc_row][vc_column][vc_column_text]</p>
<div class="page" title="Page 1">
<div class="section">
<div class="layoutArea">
<div class="column">Gerentes y líderes tendrán una introducción práctica a las habilidades gerenciales más demandadas, enfocándose en el liderazgo y comunicación efectiva como pilares para lograr equipos más comprometidos y productivos.</div>
</div>
</div>
</div>
<p>[/vc_column_text][/vc_column][/vc_row][vc_row css=».vc_custom_1644542146667{background-color: #f9f9f9 !important;}»][vc_column][vc_row_inner][vc_column_inner][vc_column_text]<b><span style="color: #339966;">Fecha:</span><br />
</b>12 de junio</p>
<p><b style="color: #339966;">Horario:<br />
</b>10:00 a.m.[/vc_column_text][/vc_column_inner][/vc_row_inner][/vc_column][/vc_row][vc_row][vc_column][vc_btn title=»Regístrate aquí sin costo» color=»primary» link=»url:https%3A%2F%2Fforms.gle%2FtxPrLRWKyVmD27rh7||target:%20_blank|»][/vc_column][/vc_row]</p>

<p>[vc_row][vc_column][vc_column_text] Gerentes y líderes tendrán una introducción práctica a las habilidades gerenciales más demandadas, enfocándose en el liderazgo y comunicación efectiva como pilares para lograr equipos más comprometidos y productivos. [/vc_column_text][/vc_column][/vc_row][vc_row css=».vc_custom_1644542146667{background-color: #f9f9f9 !important;}»][vc_column][vc_row_inner][vc_column_inner][vc_column_text]Fecha: 12 de junio Horario: 10:00 a.m.[/vc_column_text][/vc_column_inner][/vc_row_inner][/vc_column][/vc_row][vc_row][vc_column][vc_btn title=»Regístrate aquí sin costo» color=»primary» link=»url:https%3A%2F%2Fforms.gle%2FtxPrLRWKyVmD27rh7||target:%20_blank|»][/vc_column][/vc_row]</p>
