{"id":23973,"date":"2025-02-02T12:37:53","date_gmt":"2025-02-02T18:37:53","guid":{"rendered":"https:\/\/coparmexjal.org.mx\/cpx\/?post_type=mec-events&#038;p=23973"},"modified":"2025-02-02T12:38:33","modified_gmt":"2025-02-02T18:38:33","slug":"meta-ads","status":"publish","type":"mec-events","link":"https:\/\/coparmexjal.org.mx\/cpx\/cursos\/meta-ads\/","title":{"rendered":"Meta ads: Anuncios efectivos en Instagram y Facebook"},"content":{"rendered":"<p>[vc_row][vc_column][vc_column_text]Dise\u00f1a campa\u00f1as publicitarias que te den mejores resultados y se traduzcan en mayores ventas para tu negocios usando META ADS<\/p>\n<p style=\"text-align: justify;\"><strong>\u00bfPara qui\u00e9n es este curso?<\/strong><\/p>\n<p>P\u00fablico en general, due\u00f1os de negocios o emprendedores que deseen conocer esta plataforma publicitaria y potenciar su presencia digital con sus clientes.[\/vc_column_text][\/vc_column][\/vc_row][vc_row css=\u00bb.vc_custom_1644542146667{background-color: #f9f9f9 !important;}\u00bb][vc_column][vc_row_inner][vc_column_inner width=\u00bb1\/3&#8243;][vc_column_text]<b><span style=\"color: #339966;\">Fechas:<\/span><br \/>\n<\/b>24 de abril; 8, 15 y 22 de mayo 2025<br \/>\n<b style=\"color: #339966;\">Duraci\u00f3n:<br \/>\n<\/b>12 horas<br \/>\n<b style=\"color: #339966;\">Horario:<br \/>\n<\/b>9:00 a 12:00 hrs[\/vc_column_text][\/vc_column_inner][vc_column_inner width=\u00bb1\/3&#8243;][vc_column_text]<b><span style=\"color: #339966;\">Nivel de conocimiento:<\/span><br \/>\n<\/b>B\u00e1sico. Se requiere solo el conocimiento b\u00e1sico de las redes sociales, en computaci\u00f3n e internet.[\/vc_column_text][\/vc_column_inner][vc_column_inner width=\u00bb1\/3&#8243;][vc_column_text]<b><span style=\"color: #339966;\">Habilidades del participante:<\/span><br \/>\n<\/b><\/p>\n<ul>\n<li aria-level=\"1\">Gesti\u00f3n de redes sociales<\/li>\n<li aria-level=\"1\">Computaci\u00f3n<\/li>\n<\/ul>\n<p><b style=\"color: #339966;\">Requerimientos:<br \/>\n<\/b><\/p>\n<ul>\n<li>Disposici\u00f3n para aprender.<\/li>\n<\/ul>\n<p>[\/vc_column_text][\/vc_column_inner][\/vc_row_inner][vc_row_inner][vc_column_inner width=\u00bb1\/2&#8243;][vc_column_text]<b><span style=\"color: #339966;\">Obtienes:<\/span><br \/>\n<\/b>Diploma, curso pr\u00e1ctico y constancia DC-3[\/vc_column_text][\/vc_column_inner][vc_column_inner width=\u00bb1\/2&#8243;][vc_column_text]<b><span style=\"color: #339966;\">Aprender\u00e1s:<\/span><\/b><\/p>\n<ul>\n<li>A concertar mayor n\u00famero de ventas a trav\u00e9s de dise\u00f1ar anuncios efectivos en META ADS<\/li>\n<\/ul>\n<p>[\/vc_column_text][\/vc_column_inner][\/vc_row_inner][\/vc_column][\/vc_row][vc_row][vc_column][vc_tta_accordion style=\u00bbmodern\u00bb active_section=\u00bb1&#8243; no_fill=\u00bbtrue\u00bb collapsible_all=\u00bbtrue\u00bb title=\u00bbTemario\u00bb][vc_tta_section title=\u00bbPrimera sesi\u00f3n:\u00bb tab_id=\u00bb1572040042016-5cce572d-ba10&#8243;][vc_column_text]<\/p>\n<ul>\n<li aria-level=\"1\">An\u00e1lisis actual de la plataforma publicitaria de META ADS.<\/li>\n<li aria-level=\"1\">\u00bfC\u00f3mo es el ecosistema digital de esta plataforma de anuncios?<\/li>\n<li aria-level=\"1\">\u00bfQu\u00e9 debo saber antes de comenzar a tener mi cuenta?<\/li>\n<li aria-level=\"1\">An\u00e1lisis de mi p\u00e1gina de empresa.<\/li>\n<li aria-level=\"1\">Optimizaci\u00f3n de mi p\u00e1gina de empresa.<\/li>\n<li aria-level=\"1\">Diagn\u00f3stico general de mi cuenta<\/li>\n<\/ul>\n<p>[\/vc_column_text][\/vc_tta_section][vc_tta_section title=\u00bbSegunda Sesi\u00f3n:\u00bb tab_id=\u00bb1652977524633-abdb3e62-edeb\u00bb][vc_column_text]<\/p>\n<ul>\n<li aria-level=\"1\">Creando mi portfolio comercial.<\/li>\n<li aria-level=\"1\">Configuraci\u00f3n de mi portfolio comercial.<\/li>\n<li aria-level=\"1\">Conectando mis activos comerciales<\/li>\n<li aria-level=\"1\">Revisi\u00f3n de mi portafolio<\/li>\n<\/ul>\n<p>[\/vc_column_text][\/vc_tta_section][vc_tta_section title=\u00bbTercera Sesi\u00f3n:\u00bb tab_id=\u00bb1652977536900-29e8a3ea-caf1&#8243;][vc_column_text]<\/p>\n<ul>\n<li aria-level=\"1\">Creando mi cuenta de Meta Business Suite.<\/li>\n<li aria-level=\"1\">Conociendo el entorno de Meta Business Suite.<\/li>\n<li aria-level=\"1\">Aprendiendo a programar contenido en Meta Business Suite.<\/li>\n<li aria-level=\"1\">Configuraci\u00f3n del apartado de mensajes y chatbot de Meta.<\/li>\n<li aria-level=\"1\">Conociendo las herramientas de medici\u00f3n o m\u00e9tricas.<\/li>\n<\/ul>\n<p>[\/vc_column_text][\/vc_tta_section][vc_tta_section title=\u00bbCuarta Sesi\u00f3n:\u00bb tab_id=\u00bb1652977544456-893e2809-1a56&#8243;][vc_column_text]<\/p>\n<ul>\n<li aria-level=\"1\">Estudio de mercado, desarrollo y perfecci\u00f3n del perfil del Buyer Person y Brief:<\/li>\n<li aria-level=\"1\">Conociendo la herramienta de Audience Insights.<\/li>\n<li aria-level=\"1\">Dominando la nueva configuraci\u00f3n que deben tener los anuncios.<\/li>\n<li aria-level=\"1\">Dise\u00f1ando tus anuncios.<\/li>\n<li aria-level=\"1\">Realizar los anuncios del negocio en compa\u00f1\u00eda del asesor.<\/li>\n<li aria-level=\"1\">Introducci\u00f3n al remarketing con metas ads y el pixel.<\/li>\n<\/ul>\n<p>[\/vc_column_text][\/vc_tta_section][\/vc_tta_accordion][\/vc_column][\/vc_row][vc_row][vc_column width=\u00bb1\/2&#8243;][vc_column_text]<\/p>\n<p style=\"font-size: 20px;\"><strong style=\"color: #0071ce;\">Socio Coparmex:<\/strong><\/p>\n<p>solicita tu c\u00f3digo promocional y obt\u00e9n <strong style=\"color: #96bd13;\">un descuento adicional <\/strong> en todos los cursos.<\/p>\n<p>[\/vc_column_text][\/vc_column][vc_column width=\u00bb1\/2&#8243;][vc_tta_accordion style=\u00bbmodern\u00bb c_icon=\u00bbtriangle\u00bb active_section=\u00bb0&#8243; no_fill=\u00bbtrue\u00bb collapsible_all=\u00bbtrue\u00bb][vc_tta_section title=\u00bbQuiero que me contacte un asesor\u00bb tab_id=\u00bb1592500042006-800fdc9e-0f56&#8243;][dhvc_form id=\u00bb19061&#8243;][\/vc_tta_section][\/vc_tta_accordion][\/vc_column][\/vc_row]<\/p>\n","protected":false},"excerpt":{"rendered":"<p>[vc_row][vc_column][vc_column_text]Dise\u00f1a campa\u00f1as publicitarias que te den mejores resultados y se traduzcan en mayores ventas para tu negocios usando META ADS \u00bfPara qui\u00e9n es este curso? P\u00fablico en general, due\u00f1os de negocios o emprendedores que deseen conocer esta plataforma publicitaria y potenciar su presencia digital con sus clientes.[\/vc_column_text][\/vc_column][\/vc_row][vc_row css=\u00bb.vc_custom_1644542146667{background-color: #f9f9f9 !important;}\u00bb][vc_column][vc_row_inner][vc_column_inner width=\u00bb1\/3&#8243;][vc_column_text]Fechas: 24 de abril; 8, &hellip; <\/p>\n","protected":false},"author":1,"featured_media":11672,"comment_status":"closed","ping_status":"closed","template":"","tags":[132,172,749],"mec_category":[901],"mec_speaker":[],"class_list":["post-23973","mec-events","type-mec-events","status-publish","has-post-thumbnail","hentry","tag-gerentes","tag-recursos-humanos","tag-supervisores","mec_category-academia-de-mercado"],"_links":{"self":[{"href":"https:\/\/coparmexjal.org.mx\/cpx\/wp-json\/wp\/v2\/mec-events\/23973","targetHints":{"allow":["GET"]}}],"collection":[{"href":"https:\/\/coparmexjal.org.mx\/cpx\/wp-json\/wp\/v2\/mec-events"}],"about":[{"href":"https:\/\/coparmexjal.org.mx\/cpx\/wp-json\/wp\/v2\/types\/mec-events"}],"author":[{"embeddable":true,"href":"https:\/\/coparmexjal.org.mx\/cpx\/wp-json\/wp\/v2\/users\/1"}],"replies":[{"embeddable":true,"href":"https:\/\/coparmexjal.org.mx\/cpx\/wp-json\/wp\/v2\/comments?post=23973"}],"wp:featuredmedia":[{"embeddable":true,"href":"https:\/\/coparmexjal.org.mx\/cpx\/wp-json\/wp\/v2\/media\/11672"}],"wp:attachment":[{"href":"https:\/\/coparmexjal.org.mx\/cpx\/wp-json\/wp\/v2\/media?parent=23973"}],"wp:term":[{"taxonomy":"post_tag","embeddable":true,"href":"https:\/\/coparmexjal.org.mx\/cpx\/wp-json\/wp\/v2\/tags?post=23973"},{"taxonomy":"mec_category","embeddable":true,"href":"https:\/\/coparmexjal.org.mx\/cpx\/wp-json\/wp\/v2\/mec_category?post=23973"},{"taxonomy":"mec_speaker","embeddable":true,"href":"https:\/\/coparmexjal.org.mx\/cpx\/wp-json\/wp\/v2\/mec_speaker?post=23973"}],"curies":[{"name":"wp","href":"https:\/\/api.w.org\/{rel}","templated":true}]}}

<p>[vc_row][vc_column][vc_column_text]Diseña campañas publicitarias que te den mejores resultados y se traduzcan en mayores ventas para tu negocios usando META ADS</p>
<p style="text-align: justify;"><strong>¿Para quién es este curso?</strong></p>
<p>Público en general, dueños de negocios o emprendedores que deseen conocer esta plataforma publicitaria y potenciar su presencia digital con sus clientes.[/vc_column_text][/vc_column][/vc_row][vc_row css=».vc_custom_1644542146667{background-color: #f9f9f9 !important;}»][vc_column][vc_row_inner][vc_column_inner width=»1/3&#8243;][vc_column_text]<b><span style="color: #339966;">Fechas:</span><br />
</b>24 de abril; 8, 15 y 22 de mayo 2025<br />
<b style="color: #339966;">Duración:<br />
</b>12 horas<br />
<b style="color: #339966;">Horario:<br />
</b>9:00 a 12:00 hrs[/vc_column_text][/vc_column_inner][vc_column_inner width=»1/3&#8243;][vc_column_text]<b><span style="color: #339966;">Nivel de conocimiento:</span><br />
</b>Básico. Se requiere solo el conocimiento básico de las redes sociales, en computación e internet.[/vc_column_text][/vc_column_inner][vc_column_inner width=»1/3&#8243;][vc_column_text]<b><span style="color: #339966;">Habilidades del participante:</span><br />
</b></p>
<ul>
<li aria-level="1">Gestión de redes sociales</li>
<li aria-level="1">Computación</li>
</ul>
<p><b style="color: #339966;">Requerimientos:<br />
</b></p>
<ul>
<li>Disposición para aprender.</li>
</ul>
<p>[/vc_column_text][/vc_column_inner][/vc_row_inner][vc_row_inner][vc_column_inner width=»1/2&#8243;][vc_column_text]<b><span style="color: #339966;">Obtienes:</span><br />
</b>Diploma, curso práctico y constancia DC-3[/vc_column_text][/vc_column_inner][vc_column_inner width=»1/2&#8243;][vc_column_text]<b><span style="color: #339966;">Aprenderás:</span></b></p>
<ul>
<li>A concertar mayor número de ventas a través de diseñar anuncios efectivos en META ADS</li>
</ul>
<p>[/vc_column_text][/vc_column_inner][/vc_row_inner][/vc_column][/vc_row][vc_row][vc_column][vc_tta_accordion style=»modern» active_section=»1&#8243; no_fill=»true» collapsible_all=»true» title=»Temario»][vc_tta_section title=»Primera sesión:» tab_id=»1572040042016-5cce572d-ba10&#8243;][vc_column_text]</p>
<ul>
<li aria-level="1">Análisis actual de la plataforma publicitaria de META ADS.</li>
<li aria-level="1">¿Cómo es el ecosistema digital de esta plataforma de anuncios?</li>
<li aria-level="1">¿Qué debo saber antes de comenzar a tener mi cuenta?</li>
<li aria-level="1">Análisis de mi página de empresa.</li>
<li aria-level="1">Optimización de mi página de empresa.</li>
<li aria-level="1">Diagnóstico general de mi cuenta</li>
</ul>
<p>[/vc_column_text][/vc_tta_section][vc_tta_section title=»Segunda Sesión:» tab_id=»1652977524633-abdb3e62-edeb»][vc_column_text]</p>
<ul>
<li aria-level="1">Creando mi portfolio comercial.</li>
<li aria-level="1">Configuración de mi portfolio comercial.</li>
<li aria-level="1">Conectando mis activos comerciales</li>
<li aria-level="1">Revisión de mi portafolio</li>
</ul>
<p>[/vc_column_text][/vc_tta_section][vc_tta_section title=»Tercera Sesión:» tab_id=»1652977536900-29e8a3ea-caf1&#8243;][vc_column_text]</p>
<ul>
<li aria-level="1">Creando mi cuenta de Meta Business Suite.</li>
<li aria-level="1">Conociendo el entorno de Meta Business Suite.</li>
<li aria-level="1">Aprendiendo a programar contenido en Meta Business Suite.</li>
<li aria-level="1">Configuración del apartado de mensajes y chatbot de Meta.</li>
<li aria-level="1">Conociendo las herramientas de medición o métricas.</li>
</ul>
<p>[/vc_column_text][/vc_tta_section][vc_tta_section title=»Cuarta Sesión:» tab_id=»1652977544456-893e2809-1a56&#8243;][vc_column_text]</p>
<ul>
<li aria-level="1">Estudio de mercado, desarrollo y perfección del perfil del Buyer Person y Brief:</li>
<li aria-level="1">Conociendo la herramienta de Audience Insights.</li>
<li aria-level="1">Dominando la nueva configuración que deben tener los anuncios.</li>
<li aria-level="1">Diseñando tus anuncios.</li>
<li aria-level="1">Realizar los anuncios del negocio en compañía del asesor.</li>
<li aria-level="1">Introducción al remarketing con metas ads y el pixel.</li>
</ul>
<p>[/vc_column_text][/vc_tta_section][/vc_tta_accordion][/vc_column][/vc_row][vc_row][vc_column width=»1/2&#8243;][vc_column_text]</p>
<p style="font-size: 20px;"><strong style="color: #0071ce;">Socio Coparmex:</strong></p>
<p>solicita tu código promocional y obtén <strong style="color: #96bd13;">un descuento adicional </strong> en todos los cursos.</p>
<p>[/vc_column_text][/vc_column][vc_column width=»1/2&#8243;][vc_tta_accordion style=»modern» c_icon=»triangle» active_section=»0&#8243; no_fill=»true» collapsible_all=»true»][vc_tta_section title=»Quiero que me contacte un asesor» tab_id=»1592500042006-800fdc9e-0f56&#8243;][dhvc_form id=»19061&#8243;][/vc_tta_section][/vc_tta_accordion][/vc_column][/vc_row]</p>

<p>[vc_row][vc_column][vc_column_text]Diseña campañas publicitarias que te den mejores resultados y se traduzcan en mayores ventas para tu negocios usando META ADS ¿Para quién es este curso? Público en general, dueños de negocios o emprendedores que deseen conocer esta plataforma publicitaria y potenciar su presencia digital con sus clientes.[/vc_column_text][/vc_column][/vc_row][vc_row css=».vc_custom_1644542146667{background-color: #f9f9f9 !important;}»][vc_column][vc_row_inner][vc_column_inner width=»1/3&#8243;][vc_column_text]Fechas: 24 de abril; 8, &hellip; </p>
