{"id":23681,"date":"2024-09-06T11:56:55","date_gmt":"2024-09-06T17:56:55","guid":{"rendered":"https:\/\/coparmexjal.org.mx\/cpx\/?post_type=mec-events&#038;p=23681"},"modified":"2024-09-13T09:24:24","modified_gmt":"2024-09-13T15:24:24","slug":"innovacion-sostenible","status":"publish","type":"mec-events","link":"https:\/\/coparmexjal.org.mx\/cpx\/cursos\/innovacion-sostenible\/","title":{"rendered":"Innovaci\u00f3n sostenible potenciando el \u00e9xito empresarial"},"content":{"rendered":"<p>[vc_row][vc_column][vc_column_text]<strong>Lleva tu negocio al siguiente nivel con la sostenibilidad.<\/strong> Descubre c\u00f3mo transformar tu empresa en un referente en responsabilidad social. Aprender\u00e1s a dise\u00f1ar estrategias que generen un impacto positivo en el medio ambiente y la sociedad.[\/vc_column_text][\/vc_column][\/vc_row][vc_row css=\u00bb.vc_custom_1644542146667{background-color: #f9f9f9 !important;}\u00bb][vc_column][vc_row_inner][vc_column_inner width=\u00bb1\/2&#8243;][vc_column_text]<b><span style=\"color: #339966;\">Fechas:<\/span><br \/>\n<\/b>03 y 10 de <strong>octubre de 2024<\/strong><br \/>\n<b style=\"color: #339966;\">Duraci\u00f3n:<br \/>\n<\/b>6 horas.<br \/>\n<b style=\"color: #339966;\">Horario:<br \/>\n<\/b>4:30 a 7:30 p.m.[\/vc_column_text][\/vc_column_inner][vc_column_inner width=\u00bb1\/2&#8243;][vc_column_text]<span style=\"color: #339966;\"><b>Objetivo<\/b>:<\/span><\/p>\n<p>Acompa\u00f1ar a empresas consolidadas en el entendimiento e incorporaci\u00f3n de enfoques de sostenibilidad en sus modelos de negocio, a trav\u00e9s del dise\u00f1o de estrategias de impacto y una ruta cr\u00edtica hacia la innovaci\u00f3n sostenible.[\/vc_column_text][\/vc_column_inner][\/vc_row_inner][\/vc_column][\/vc_row][vc_row][vc_column][vc_tta_accordion style=\u00bbmodern\u00bb active_section=\u00bb1&#8243; no_fill=\u00bbtrue\u00bb collapsible_all=\u00bbtrue\u00bb title=\u00bbTemario\u00bb][vc_tta_section title=\u00bbSesi\u00f3n 1. Contexto global &#8211; tendencias hacia una econom\u00eda sostenible \u00bb tab_id=\u00bb1572040042016-5cce572d-ba10&#8243;][vc_column_text]<\/p>\n<ol>\n<li aria-level=\"1\">Qu\u00e9 es y para qu\u00e9 sirve la sostenibilidad.<\/li>\n<li aria-level=\"1\">Tendencias globales hacia la sostenibilidad, ODS2030, criterios ASG, acciones, RSE, Sostenibilidad, econom\u00eda circular, valor compartido.<\/li>\n<li aria-level=\"1\">\u00bfC\u00f3mo las empresas alinean sus modelos de negocio a la sostenibilidad? (Casos de \u00e9xito).<\/li>\n<li aria-level=\"1\">Oportunidades para el negocio &#8211; Procesos de Innovaci\u00f3n.<\/li>\n<\/ol>\n<p>[\/vc_column_text][\/vc_tta_section][vc_tta_section title=\u00bbSesi\u00f3n 2. Ruta para la innovaci\u00f3n sostenible \u00bb tab_id=\u00bb1720216769542-2be4c545-cf03&#8243;][vc_column_text]<\/p>\n<ol>\n<li aria-level=\"1\">Impactos de los modelos de negocio a. An\u00e1lisis de impactos (modelo ecol\u00f3gico) b. An\u00e1lisis de materialidad (Estrategia de impacto).<\/li>\n<li aria-level=\"1\">Dise\u00f1o y evaluaci\u00f3n de alternativas sostenibles en el modelo de negocio.<\/li>\n<li aria-level=\"1\">Ruta cr\u00edtica hacia la innovaci\u00f3n sostenible.<\/li>\n<\/ol>\n<p>[\/vc_column_text][\/vc_tta_section][\/vc_tta_accordion][\/vc_column][\/vc_row]<\/p>\n","protected":false},"excerpt":{"rendered":"<p>[vc_row][vc_column][vc_column_text]Lleva tu negocio al siguiente nivel con la sostenibilidad. Descubre c\u00f3mo transformar tu empresa en un referente en responsabilidad social. Aprender\u00e1s a dise\u00f1ar estrategias que generen un impacto positivo en el medio ambiente y la sociedad.[\/vc_column_text][\/vc_column][\/vc_row][vc_row css=\u00bb.vc_custom_1644542146667{background-color: #f9f9f9 !important;}\u00bb][vc_column][vc_row_inner][vc_column_inner width=\u00bb1\/2&#8243;][vc_column_text]Fechas: 03 y 10 de octubre de 2024 Duraci\u00f3n: 6 horas. Horario: 4:30 a 7:30 p.m.[\/vc_column_text][\/vc_column_inner][vc_column_inner &hellip; <\/p>\n","protected":false},"author":1,"featured_media":16990,"comment_status":"closed","ping_status":"closed","template":"","tags":[],"mec_category":[879],"mec_speaker":[],"class_list":["post-23681","mec-events","type-mec-events","status-publish","has-post-thumbnail","hentry","mec_category-al-invest"],"_links":{"self":[{"href":"https:\/\/coparmexjal.org.mx\/cpx\/wp-json\/wp\/v2\/mec-events\/23681","targetHints":{"allow":["GET"]}}],"collection":[{"href":"https:\/\/coparmexjal.org.mx\/cpx\/wp-json\/wp\/v2\/mec-events"}],"about":[{"href":"https:\/\/coparmexjal.org.mx\/cpx\/wp-json\/wp\/v2\/types\/mec-events"}],"author":[{"embeddable":true,"href":"https:\/\/coparmexjal.org.mx\/cpx\/wp-json\/wp\/v2\/users\/1"}],"replies":[{"embeddable":true,"href":"https:\/\/coparmexjal.org.mx\/cpx\/wp-json\/wp\/v2\/comments?post=23681"}],"wp:featuredmedia":[{"embeddable":true,"href":"https:\/\/coparmexjal.org.mx\/cpx\/wp-json\/wp\/v2\/media\/16990"}],"wp:attachment":[{"href":"https:\/\/coparmexjal.org.mx\/cpx\/wp-json\/wp\/v2\/media?parent=23681"}],"wp:term":[{"taxonomy":"post_tag","embeddable":true,"href":"https:\/\/coparmexjal.org.mx\/cpx\/wp-json\/wp\/v2\/tags?post=23681"},{"taxonomy":"mec_category","embeddable":true,"href":"https:\/\/coparmexjal.org.mx\/cpx\/wp-json\/wp\/v2\/mec_category?post=23681"},{"taxonomy":"mec_speaker","embeddable":true,"href":"https:\/\/coparmexjal.org.mx\/cpx\/wp-json\/wp\/v2\/mec_speaker?post=23681"}],"curies":[{"name":"wp","href":"https:\/\/api.w.org\/{rel}","templated":true}]}}

Innovación sostenible potenciando el éxito empresarial

<p>[vc_row][vc_column][vc_column_text]<strong>Lleva tu negocio al siguiente nivel con la sostenibilidad.</strong> Descubre cómo transformar tu empresa en un referente en responsabilidad social. Aprenderás a diseñar estrategias que generen un impacto positivo en el medio ambiente y la sociedad.[/vc_column_text][/vc_column][/vc_row][vc_row css=».vc_custom_1644542146667{background-color: #f9f9f9 !important;}»][vc_column][vc_row_inner][vc_column_inner width=»1/2&#8243;][vc_column_text]<b><span style="color: #339966;">Fechas:</span><br />
</b>03 y 10 de <strong>octubre de 2024</strong><br />
<b style="color: #339966;">Duración:<br />
</b>6 horas.<br />
<b style="color: #339966;">Horario:<br />
</b>4:30 a 7:30 p.m.[/vc_column_text][/vc_column_inner][vc_column_inner width=»1/2&#8243;][vc_column_text]<span style="color: #339966;"><b>Objetivo</b>:</span></p>
<p>Acompañar a empresas consolidadas en el entendimiento e incorporación de enfoques de sostenibilidad en sus modelos de negocio, a través del diseño de estrategias de impacto y una ruta crítica hacia la innovación sostenible.[/vc_column_text][/vc_column_inner][/vc_row_inner][/vc_column][/vc_row][vc_row][vc_column][vc_tta_accordion style=»modern» active_section=»1&#8243; no_fill=»true» collapsible_all=»true» title=»Temario»][vc_tta_section title=»Sesión 1. Contexto global &#8211; tendencias hacia una economía sostenible » tab_id=»1572040042016-5cce572d-ba10&#8243;][vc_column_text]</p>
<ol>
<li aria-level="1">Qué es y para qué sirve la sostenibilidad.</li>
<li aria-level="1">Tendencias globales hacia la sostenibilidad, ODS2030, criterios ASG, acciones, RSE, Sostenibilidad, economía circular, valor compartido.</li>
<li aria-level="1">¿Cómo las empresas alinean sus modelos de negocio a la sostenibilidad? (Casos de éxito).</li>
<li aria-level="1">Oportunidades para el negocio &#8211; Procesos de Innovación.</li>
</ol>
<p>[/vc_column_text][/vc_tta_section][vc_tta_section title=»Sesión 2. Ruta para la innovación sostenible » tab_id=»1720216769542-2be4c545-cf03&#8243;][vc_column_text]</p>
<ol>
<li aria-level="1">Impactos de los modelos de negocio a. Análisis de impactos (modelo ecológico) b. Análisis de materialidad (Estrategia de impacto).</li>
<li aria-level="1">Diseño y evaluación de alternativas sostenibles en el modelo de negocio.</li>
<li aria-level="1">Ruta crítica hacia la innovación sostenible.</li>
</ol>
<p>[/vc_column_text][/vc_tta_section][/vc_tta_accordion][/vc_column][/vc_row]</p>

<p>[vc_row][vc_column][vc_column_text]Lleva tu negocio al siguiente nivel con la sostenibilidad. Descubre cómo transformar tu empresa en un referente en responsabilidad social. Aprenderás a diseñar estrategias que generen un impacto positivo en el medio ambiente y la sociedad.[/vc_column_text][/vc_column][/vc_row][vc_row css=».vc_custom_1644542146667{background-color: #f9f9f9 !important;}»][vc_column][vc_row_inner][vc_column_inner width=»1/2&#8243;][vc_column_text]Fechas: 03 y 10 de octubre de 2024 Duración: 6 horas. Horario: 4:30 a 7:30 p.m.[/vc_column_text][/vc_column_inner][vc_column_inner &hellip; </p>
