{"id":22696,"date":"2023-10-06T12:35:33","date_gmt":"2023-10-06T18:35:33","guid":{"rendered":"https:\/\/coparmexjal.org.mx\/cpx\/?post_type=mec-events&#038;p=22696"},"modified":"2023-11-01T08:45:32","modified_gmt":"2023-11-01T14:45:32","slug":"inclusion-en-el-entorno-laboral","status":"publish","type":"mec-events","link":"https:\/\/coparmexjal.org.mx\/cpx\/cursos\/inclusion-en-el-entorno-laboral\/","title":{"rendered":"Inclusi\u00f3n en el Entorno Laboral"},"content":{"rendered":"<p>[vc_row][vc_column][vc_column_text]En un mundo cada vez m\u00e1s diverso y globalizado, la promoci\u00f3n de la diversidad y la inclusi\u00f3n en el entorno laboral se ha convertido en una prioridad esencial para las organizaciones y profesionales de todos los sectores. El curso \u00abInclusi\u00f3n en el Entorno Laboral\u00bb ofrece una valiosa oportunidad para explorar y comprender este tema crucial.<\/p>\n<p style=\"text-align: justify;\"><strong>\u00bfPara qui\u00e9n es este curso?<\/strong><\/p>\n<p>Este curso est\u00e1 dirigido a l\u00edderes, gerentes, profesionales de recursos humanos y cualquier persona interesada en crear un entorno laboral inclusivo y diverso.[\/vc_column_text][\/vc_column][\/vc_row][vc_row css=\u00bb.vc_custom_1644542146667{background-color: #f9f9f9 !important;}\u00bb][vc_column][vc_row_inner][vc_column_inner width=\u00bb1\/3&#8243;][vc_column_text]<b><span style=\"color: #339966;\">Fechas:<\/span><br \/>\n<\/b>\u00a024, 31 de enero y 7 de febrero 2024<br \/>\n<b style=\"color: #339966;\">Duraci\u00f3n:<br \/>\n<\/b>12 horas<br \/>\n<b style=\"color: #339966;\">Horario:<br \/>\n<\/b>Martes 16:00 a 20:00 horas[\/vc_column_text][\/vc_column_inner][vc_column_inner width=\u00bb1\/3&#8243;][vc_column_text]<b><span style=\"color: #339966;\">Nivel de conocimiento:<\/span><br \/>\n<\/b>B\u00e1sico, este programa est\u00e1 dise\u00f1ado para \u00e1reas de capacitaci\u00f3n, capital humano, o empresas que est\u00e1n iniciando con procesos de capacitaci\u00f3n.[\/vc_column_text][\/vc_column_inner][vc_column_inner width=\u00bb1\/3&#8243;][vc_column_text]<b><span style=\"color: #339966;\">Habilidades del participante:<\/span><br \/>\n<\/b>-Adaptaci\u00f3n al cambio<br \/>\n-Mente abierta para la innovaci\u00f3n y desarrollo de ideas<\/p>\n<p><b style=\"color: #339966;\">Requerimientos:<br \/>\n<\/b>-Disposici\u00f3n para aprender.<br \/>\n-Equipo de c\u00f3mputo, podr\u00e1 ser necesario para alguna din\u00e1mica o trabajo dentro de las sesiones.[\/vc_column_text][\/vc_column_inner][\/vc_row_inner][vc_row_inner][vc_column_inner width=\u00bb1\/2&#8243;][vc_column_text]<b><span style=\"color: #339966;\">Obtienes:<\/span><br \/>\n<\/b>Diploma, curso pr\u00e1ctico y constancia DC-3[\/vc_column_text][\/vc_column_inner][vc_column_inner width=\u00bb1\/2&#8243;][vc_column_text]<b><span style=\"color: #339966;\">Aprender\u00e1s:<\/span><br \/>\n<\/b>-Gestionar un ambiente Inclusivo y Respetuoso<br \/>\n-Desarrollar una Cultura de Aprendizaje Continuo<\/p>\n<p>-Cumplimiento Legal y \u00c9tico[\/vc_column_text][\/vc_column_inner][\/vc_row_inner][\/vc_column][\/vc_row][vc_row][vc_column][vc_tta_accordion style=\u00bbmodern\u00bb active_section=\u00bb1&#8243; no_fill=\u00bbtrue\u00bb collapsible_all=\u00bbtrue\u00bb title=\u00bbTemario\u00bb][vc_tta_section title=\u00bb1. Introducci\u00f3n a la Diversidad e Inclusi\u00f3n\u00bb tab_id=\u00bb1572040042016-5cce572d-ba10&#8243;][\/vc_tta_section][vc_tta_section title=\u00bb2. Inclusi\u00f3n de Personas con Discapacidad\u00bb tab_id=\u00bb1652977524633-abdb3e62-edeb\u00bb][\/vc_tta_section][vc_tta_section title=\u00bb3. Integraci\u00f3n de Diferentes Generaciones\u00bb tab_id=\u00bb1652977536900-29e8a3ea-caf1&#8243;][\/vc_tta_section][vc_tta_section title=\u00bb4. Comunidades LGBTQIA en el Trabajo\u00bb tab_id=\u00bb1652977544456-893e2809-1a56&#8243;][\/vc_tta_section][vc_tta_section title=\u00bb5. Herramientas y Recursos para la Diversidad e Inclusi\u00f3n\u00bb tab_id=\u00bb1652977552928-f00e3604-690e\u00bb][\/vc_tta_section][vc_tta_section title=\u00bb6. Desarrollo de un Plan de Acci\u00f3n\u00bb tab_id=\u00bb1652977559935-75722b0c-d411&#8243;][\/vc_tta_section][\/vc_tta_accordion][\/vc_column][\/vc_row][vc_row][vc_column width=\u00bb1\/2&#8243;][vc_column_text]<\/p>\n<p style=\"font-size: 20px;\"><strong style=\"color: #0071ce;\">Socio Coparmex:<\/strong><\/p>\n<p>solicita tu c\u00f3digo promocional y obt\u00e9n <strong style=\"color: #96bd13;\">un descuento adicional <\/strong> en todos los cursos.<\/p>\n<p>[\/vc_column_text][\/vc_column][vc_column width=\u00bb1\/2&#8243;][vc_tta_accordion style=\u00bbmodern\u00bb c_icon=\u00bbtriangle\u00bb active_section=\u00bb0&#8243; no_fill=\u00bbtrue\u00bb collapsible_all=\u00bbtrue\u00bb][vc_tta_section title=\u00bbQuiero que me contacte un asesor\u00bb tab_id=\u00bb1592500042006-800fdc9e-0f56&#8243;][dhvc_form id=\u00bb19061&#8243;][\/vc_tta_section][\/vc_tta_accordion][\/vc_column][\/vc_row]<\/p>\n","protected":false},"excerpt":{"rendered":"<p>[vc_row][vc_column][vc_column_text]En un mundo cada vez m\u00e1s diverso y globalizado, la promoci\u00f3n de la diversidad y la inclusi\u00f3n en el entorno laboral se ha convertido en una prioridad esencial para las organizaciones y profesionales de todos los sectores. El curso \u00abInclusi\u00f3n en el Entorno Laboral\u00bb ofrece una valiosa oportunidad para explorar y comprender este tema crucial. &hellip; <\/p>\n","protected":false},"author":1,"featured_media":19156,"comment_status":"closed","ping_status":"closed","template":"","tags":[555,132,615,172,578,749],"mec_category":[972],"mec_speaker":[],"class_list":["post-22696","mec-events","type-mec-events","status-publish","has-post-thumbnail","hentry","tag-beneficio","tag-gerentes","tag-integridad","tag-recursos-humanos","tag-relaciones-interpersonales","tag-supervisores","mec_category-desarrollo-humano"],"_links":{"self":[{"href":"https:\/\/coparmexjal.org.mx\/cpx\/wp-json\/wp\/v2\/mec-events\/22696","targetHints":{"allow":["GET"]}}],"collection":[{"href":"https:\/\/coparmexjal.org.mx\/cpx\/wp-json\/wp\/v2\/mec-events"}],"about":[{"href":"https:\/\/coparmexjal.org.mx\/cpx\/wp-json\/wp\/v2\/types\/mec-events"}],"author":[{"embeddable":true,"href":"https:\/\/coparmexjal.org.mx\/cpx\/wp-json\/wp\/v2\/users\/1"}],"replies":[{"embeddable":true,"href":"https:\/\/coparmexjal.org.mx\/cpx\/wp-json\/wp\/v2\/comments?post=22696"}],"wp:featuredmedia":[{"embeddable":true,"href":"https:\/\/coparmexjal.org.mx\/cpx\/wp-json\/wp\/v2\/media\/19156"}],"wp:attachment":[{"href":"https:\/\/coparmexjal.org.mx\/cpx\/wp-json\/wp\/v2\/media?parent=22696"}],"wp:term":[{"taxonomy":"post_tag","embeddable":true,"href":"https:\/\/coparmexjal.org.mx\/cpx\/wp-json\/wp\/v2\/tags?post=22696"},{"taxonomy":"mec_category","embeddable":true,"href":"https:\/\/coparmexjal.org.mx\/cpx\/wp-json\/wp\/v2\/mec_category?post=22696"},{"taxonomy":"mec_speaker","embeddable":true,"href":"https:\/\/coparmexjal.org.mx\/cpx\/wp-json\/wp\/v2\/mec_speaker?post=22696"}],"curies":[{"name":"wp","href":"https:\/\/api.w.org\/{rel}","templated":true}]}}

Inclusión en el Entorno Laboral

<p>[vc_row][vc_column][vc_column_text]En un mundo cada vez más diverso y globalizado, la promoción de la diversidad y la inclusión en el entorno laboral se ha convertido en una prioridad esencial para las organizaciones y profesionales de todos los sectores. El curso «Inclusión en el Entorno Laboral» ofrece una valiosa oportunidad para explorar y comprender este tema crucial.</p>
<p style="text-align: justify;"><strong>¿Para quién es este curso?</strong></p>
<p>Este curso está dirigido a líderes, gerentes, profesionales de recursos humanos y cualquier persona interesada en crear un entorno laboral inclusivo y diverso.[/vc_column_text][/vc_column][/vc_row][vc_row css=».vc_custom_1644542146667{background-color: #f9f9f9 !important;}»][vc_column][vc_row_inner][vc_column_inner width=»1/3&#8243;][vc_column_text]<b><span style="color: #339966;">Fechas:</span><br />
</b> 24, 31 de enero y 7 de febrero 2024<br />
<b style="color: #339966;">Duración:<br />
</b>12 horas<br />
<b style="color: #339966;">Horario:<br />
</b>Martes 16:00 a 20:00 horas[/vc_column_text][/vc_column_inner][vc_column_inner width=»1/3&#8243;][vc_column_text]<b><span style="color: #339966;">Nivel de conocimiento:</span><br />
</b>Básico, este programa está diseñado para áreas de capacitación, capital humano, o empresas que están iniciando con procesos de capacitación.[/vc_column_text][/vc_column_inner][vc_column_inner width=»1/3&#8243;][vc_column_text]<b><span style="color: #339966;">Habilidades del participante:</span><br />
</b>-Adaptación al cambio<br />
-Mente abierta para la innovación y desarrollo de ideas</p>
<p><b style="color: #339966;">Requerimientos:<br />
</b>-Disposición para aprender.<br />
-Equipo de cómputo, podrá ser necesario para alguna dinámica o trabajo dentro de las sesiones.[/vc_column_text][/vc_column_inner][/vc_row_inner][vc_row_inner][vc_column_inner width=»1/2&#8243;][vc_column_text]<b><span style="color: #339966;">Obtienes:</span><br />
</b>Diploma, curso práctico y constancia DC-3[/vc_column_text][/vc_column_inner][vc_column_inner width=»1/2&#8243;][vc_column_text]<b><span style="color: #339966;">Aprenderás:</span><br />
</b>-Gestionar un ambiente Inclusivo y Respetuoso<br />
-Desarrollar una Cultura de Aprendizaje Continuo</p>
<p>-Cumplimiento Legal y Ético[/vc_column_text][/vc_column_inner][/vc_row_inner][/vc_column][/vc_row][vc_row][vc_column][vc_tta_accordion style=»modern» active_section=»1&#8243; no_fill=»true» collapsible_all=»true» title=»Temario»][vc_tta_section title=»1. Introducción a la Diversidad e Inclusión» tab_id=»1572040042016-5cce572d-ba10&#8243;][/vc_tta_section][vc_tta_section title=»2. Inclusión de Personas con Discapacidad» tab_id=»1652977524633-abdb3e62-edeb»][/vc_tta_section][vc_tta_section title=»3. Integración de Diferentes Generaciones» tab_id=»1652977536900-29e8a3ea-caf1&#8243;][/vc_tta_section][vc_tta_section title=»4. Comunidades LGBTQIA en el Trabajo» tab_id=»1652977544456-893e2809-1a56&#8243;][/vc_tta_section][vc_tta_section title=»5. Herramientas y Recursos para la Diversidad e Inclusión» tab_id=»1652977552928-f00e3604-690e»][/vc_tta_section][vc_tta_section title=»6. Desarrollo de un Plan de Acción» tab_id=»1652977559935-75722b0c-d411&#8243;][/vc_tta_section][/vc_tta_accordion][/vc_column][/vc_row][vc_row][vc_column width=»1/2&#8243;][vc_column_text]</p>
<p style="font-size: 20px;"><strong style="color: #0071ce;">Socio Coparmex:</strong></p>
<p>solicita tu código promocional y obtén <strong style="color: #96bd13;">un descuento adicional </strong> en todos los cursos.</p>
<p>[/vc_column_text][/vc_column][vc_column width=»1/2&#8243;][vc_tta_accordion style=»modern» c_icon=»triangle» active_section=»0&#8243; no_fill=»true» collapsible_all=»true»][vc_tta_section title=»Quiero que me contacte un asesor» tab_id=»1592500042006-800fdc9e-0f56&#8243;][dhvc_form id=»19061&#8243;][/vc_tta_section][/vc_tta_accordion][/vc_column][/vc_row]</p>

<p>[vc_row][vc_column][vc_column_text]En un mundo cada vez más diverso y globalizado, la promoción de la diversidad y la inclusión en el entorno laboral se ha convertido en una prioridad esencial para las organizaciones y profesionales de todos los sectores. El curso «Inclusión en el Entorno Laboral» ofrece una valiosa oportunidad para explorar y comprender este tema crucial. &hellip; </p>
