{"id":20195,"date":"2021-09-22T10:02:40","date_gmt":"2021-09-22T15:02:40","guid":{"rendered":"https:\/\/coparmexjal.org.mx\/cpx\/?post_type=mec-events&#038;p=20195"},"modified":"2021-09-22T10:02:40","modified_gmt":"2021-09-22T15:02:40","slug":"metas-y-medicion-las-2m-de-la-buena-direccion","status":"publish","type":"mec-events","link":"https:\/\/coparmexjal.org.mx\/cpx\/cursos\/metas-y-medicion-las-2m-de-la-buena-direccion\/","title":{"rendered":"Metas y medici\u00f3n, las 2M de la buena direcci\u00f3n"},"content":{"rendered":"<p>[vc_row][vc_column width=\u00bb1\/2&#8243;][vc_column_text]<span style=\"color: #da0455;\"><strong>Ponente:<\/strong><\/span><\/p>\n<p><strong>Iv\u00e1n Mart\u00ednez<\/strong><br \/>\nInstructor Coparmex Jalisco[\/vc_column_text][\/vc_column][vc_column width=\u00bb1\/2&#8243;][vc_custom_heading text=\u00bbWEBINAR sin costo\u00bb font_container=\u00bbtag:h2|font_size:30PX|text_align:center|color:%23ec8401&#8243; use_theme_fonts=\u00bbyes\u00bb][\/vc_column][\/vc_row][vc_row][vc_column][vc_column_text]Sabemos que los retos a los cuales se enfrenta un l\u00edder integral son cada vez m\u00e1s desafiantes y complejos, en este webinar podr\u00e1s visualizar de manera clara los componentes que integran la cadena de valor de tu organizaci\u00f3n y como hacer uso efectivo de cada uno de ellos.[\/vc_column_text][vc_empty_space height=\u00bb40px\u00bb][vc_btn title=\u00bbRegistrarme\u00bb color=\u00bbprimary\u00bb size=\u00bblg\u00bb align=\u00bbcenter\u00bb link=\u00bburl:https%3A%2F%2Fcoparmexjal.org.mx%2Fregistro%2Fregister.php%3Fwbid%3D413||target:%20_blank|\u00bb][\/vc_column][\/vc_row]<\/p>\n","protected":false},"excerpt":{"rendered":"<p>[vc_row][vc_column width=\u00bb1\/2&#8243;][vc_column_text]Ponente: Iv\u00e1n Mart\u00ednez Instructor Coparmex Jalisco[\/vc_column_text][\/vc_column][vc_column width=\u00bb1\/2&#8243;][vc_custom_heading text=\u00bbWEBINAR sin costo\u00bb font_container=\u00bbtag:h2|font_size:30PX|text_align:center|color:%23ec8401&#8243; use_theme_fonts=\u00bbyes\u00bb][\/vc_column][\/vc_row][vc_row][vc_column][vc_column_text]Sabemos que los retos a los cuales se enfrenta un l\u00edder integral son cada vez m\u00e1s desafiantes y complejos, en este webinar podr\u00e1s visualizar de manera clara los componentes que integran la cadena de valor de tu organizaci\u00f3n y como hacer uso efectivo &hellip; <\/p>\n","protected":false},"author":1,"featured_media":0,"comment_status":"closed","ping_status":"closed","template":"","tags":[],"mec_category":[673,904],"mec_speaker":[],"class_list":["post-20195","mec-events","type-mec-events","status-publish","hentry","mec_category-habilidades","mec_category-webinar"],"_links":{"self":[{"href":"https:\/\/coparmexjal.org.mx\/cpx\/wp-json\/wp\/v2\/mec-events\/20195","targetHints":{"allow":["GET"]}}],"collection":[{"href":"https:\/\/coparmexjal.org.mx\/cpx\/wp-json\/wp\/v2\/mec-events"}],"about":[{"href":"https:\/\/coparmexjal.org.mx\/cpx\/wp-json\/wp\/v2\/types\/mec-events"}],"author":[{"embeddable":true,"href":"https:\/\/coparmexjal.org.mx\/cpx\/wp-json\/wp\/v2\/users\/1"}],"replies":[{"embeddable":true,"href":"https:\/\/coparmexjal.org.mx\/cpx\/wp-json\/wp\/v2\/comments?post=20195"}],"wp:attachment":[{"href":"https:\/\/coparmexjal.org.mx\/cpx\/wp-json\/wp\/v2\/media?parent=20195"}],"wp:term":[{"taxonomy":"post_tag","embeddable":true,"href":"https:\/\/coparmexjal.org.mx\/cpx\/wp-json\/wp\/v2\/tags?post=20195"},{"taxonomy":"mec_category","embeddable":true,"href":"https:\/\/coparmexjal.org.mx\/cpx\/wp-json\/wp\/v2\/mec_category?post=20195"},{"taxonomy":"mec_speaker","embeddable":true,"href":"https:\/\/coparmexjal.org.mx\/cpx\/wp-json\/wp\/v2\/mec_speaker?post=20195"}],"curies":[{"name":"wp","href":"https:\/\/api.w.org\/{rel}","templated":true}]}}

Metas y medición, las 2M de la buena dirección

<p>[vc_row][vc_column width=»1/2&#8243;][vc_column_text]<span style="color: #da0455;"><strong>Ponente:</strong></span></p>
<p><strong>Iván Martínez</strong><br />
Instructor Coparmex Jalisco[/vc_column_text][/vc_column][vc_column width=»1/2&#8243;][vc_custom_heading text=»WEBINAR sin costo» font_container=»tag:h2|font_size:30PX|text_align:center|color:%23ec8401&#8243; use_theme_fonts=»yes»][/vc_column][/vc_row][vc_row][vc_column][vc_column_text]Sabemos que los retos a los cuales se enfrenta un líder integral son cada vez más desafiantes y complejos, en este webinar podrás visualizar de manera clara los componentes que integran la cadena de valor de tu organización y como hacer uso efectivo de cada uno de ellos.[/vc_column_text][vc_empty_space height=»40px»][vc_btn title=»Registrarme» color=»primary» size=»lg» align=»center» link=»url:https%3A%2F%2Fcoparmexjal.org.mx%2Fregistro%2Fregister.php%3Fwbid%3D413||target:%20_blank|»][/vc_column][/vc_row]</p>

<p>[vc_row][vc_column width=»1/2&#8243;][vc_column_text]Ponente: Iván Martínez Instructor Coparmex Jalisco[/vc_column_text][/vc_column][vc_column width=»1/2&#8243;][vc_custom_heading text=»WEBINAR sin costo» font_container=»tag:h2|font_size:30PX|text_align:center|color:%23ec8401&#8243; use_theme_fonts=»yes»][/vc_column][/vc_row][vc_row][vc_column][vc_column_text]Sabemos que los retos a los cuales se enfrenta un líder integral son cada vez más desafiantes y complejos, en este webinar podrás visualizar de manera clara los componentes que integran la cadena de valor de tu organización y como hacer uso efectivo &hellip; </p>
