{"id":19593,"date":"2021-02-09T21:12:43","date_gmt":"2021-02-10T03:12:43","guid":{"rendered":"https:\/\/coparmexjal.org.mx\/cpx\/?post_type=mec-events&#038;p=19593"},"modified":"2021-02-09T21:12:43","modified_gmt":"2021-02-10T03:12:43","slug":"escasez-de-talento","status":"publish","type":"mec-events","link":"https:\/\/coparmexjal.org.mx\/cpx\/cursos\/escasez-de-talento\/","title":{"rendered":"Escasez de talento"},"content":{"rendered":"<p>[vc_row][vc_column width=\u00bb1\/2&#8243;][vc_column_text]<\/p>\n<p style=\"text-align: center;\"><span style=\"color: #da0455;\"><strong>Ponente:<\/strong><\/span><\/p>\n<p><img loading=\"lazy\" decoding=\"async\" class=\" wp-image-19594\" src=\"https:\/\/coparmexjal.org.mx\/cpx\/wp-content\/uploads\/2021\/02\/Captura-de-Pantalla-2021-02-09-a-las-7.00.01-p.m..png\" alt=\"Ricardo Parra Lemus Carbajal\" width=\"156\" height=\"169\" srcset=\"https:\/\/coparmexjal.org.mx\/cpx\/wp-content\/uploads\/2021\/02\/Captura-de-Pantalla-2021-02-09-a-las-7.00.01-p.m..png 556w, https:\/\/coparmexjal.org.mx\/cpx\/wp-content\/uploads\/2021\/02\/Captura-de-Pantalla-2021-02-09-a-las-7.00.01-p.m.-278x300.png 278w\" sizes=\"auto, (max-width: 156px) 100vw, 156px\" \/><\/p>\n<p style=\"text-align: center;\"><strong>Ricardo Parra Lemus Carbajal<br \/>\n<\/strong>Gerente Regional Ventas Occidente Pacifico<\/p>\n<p><img loading=\"lazy\" decoding=\"async\" class=\"aligncenter wp-image-19595\" src=\"https:\/\/coparmexjal.org.mx\/cpx\/wp-content\/uploads\/2021\/02\/Captura-de-Pantalla-2021-02-09-a-las-7.02.41-p.m..png\" alt=\"\" width=\"127\" height=\"71\" srcset=\"https:\/\/coparmexjal.org.mx\/cpx\/wp-content\/uploads\/2021\/02\/Captura-de-Pantalla-2021-02-09-a-las-7.02.41-p.m..png 2836w, https:\/\/coparmexjal.org.mx\/cpx\/wp-content\/uploads\/2021\/02\/Captura-de-Pantalla-2021-02-09-a-las-7.02.41-p.m.-600x336.png 600w, https:\/\/coparmexjal.org.mx\/cpx\/wp-content\/uploads\/2021\/02\/Captura-de-Pantalla-2021-02-09-a-las-7.02.41-p.m.-300x168.png 300w, https:\/\/coparmexjal.org.mx\/cpx\/wp-content\/uploads\/2021\/02\/Captura-de-Pantalla-2021-02-09-a-las-7.02.41-p.m.-1024x573.png 1024w, https:\/\/coparmexjal.org.mx\/cpx\/wp-content\/uploads\/2021\/02\/Captura-de-Pantalla-2021-02-09-a-las-7.02.41-p.m.-768x430.png 768w, https:\/\/coparmexjal.org.mx\/cpx\/wp-content\/uploads\/2021\/02\/Captura-de-Pantalla-2021-02-09-a-las-7.02.41-p.m.-1536x860.png 1536w, https:\/\/coparmexjal.org.mx\/cpx\/wp-content\/uploads\/2021\/02\/Captura-de-Pantalla-2021-02-09-a-las-7.02.41-p.m.-2048x1147.png 2048w\" sizes=\"auto, (max-width: 127px) 100vw, 127px\" \/>[\/vc_column_text][\/vc_column][vc_column width=\u00bb1\/2&#8243;][vc_custom_heading text=\u00bbWEBINAR sin costo\u00bb font_container=\u00bbtag:h2|font_size:30PX|text_align:center|color:%23ec8401&#8243; use_theme_fonts=\u00bbyes\u00bb][\/vc_column][\/vc_row][vc_row][vc_column][vc_column_text]<\/p>\n<p class=\"p1\" style=\"text-align: center;\"><strong>Lo que los trabajadores quieren.<\/strong><\/p>\n<p class=\"p1\" style=\"text-align: center;\"><strong>Resolviendo la escasez de talento<\/strong><\/p>\n<p class=\"p1\">Los tiempos sin precedentes son la nueva normalidad. A nivel mundial, el mercado laboral es limitado. La escasez de talento est\u00e1 en niveles r\u00e9cord y, tras varias d\u00e9cadas, el desempleo al m\u00ednimo. Cada vez m\u00e1s los consumidores, empleados y candidatos, se hacen escuchar m\u00e1s fuerte y el papel de las organizaciones se encuentra bajo un escrutinio creciente. Necesitamos nuevas soluciones para el futuro del trabajo y el futuro de los trabajadores. M\u00e1s de la mitad de las empresas en todo el mundo no pueden encontrar las habilidades que est\u00e1n buscando, casi el doble de lo que era hace una d\u00e9cada.<\/p>\n<p>[\/vc_column_text][vc_empty_space height=\u00bb40px\u00bb][dhvc_form id=\u00bb19592&#8243;][\/vc_column][\/vc_row]<\/p>\n","protected":false},"excerpt":{"rendered":"<p>[vc_row][vc_column width=\u00bb1\/2&#8243;][vc_column_text] Ponente: Ricardo Parra Lemus Carbajal Gerente Regional Ventas Occidente Pacifico [\/vc_column_text][\/vc_column][vc_column width=\u00bb1\/2&#8243;][vc_custom_heading text=\u00bbWEBINAR sin costo\u00bb font_container=\u00bbtag:h2|font_size:30PX|text_align:center|color:%23ec8401&#8243; use_theme_fonts=\u00bbyes\u00bb][\/vc_column][\/vc_row][vc_row][vc_column][vc_column_text] Lo que los trabajadores quieren. Resolviendo la escasez de talento Los tiempos sin precedentes son la nueva normalidad. A nivel mundial, el mercado laboral es limitado. La escasez de talento est\u00e1 en niveles r\u00e9cord y, tras &hellip; <\/p>\n","protected":false},"author":1,"featured_media":19196,"comment_status":"closed","ping_status":"closed","template":"","tags":[],"mec_category":[899,904],"mec_speaker":[],"class_list":["post-19593","mec-events","type-mec-events","status-publish","has-post-thumbnail","hentry","mec_category-academia-de-capital-humano","mec_category-webinar"],"_links":{"self":[{"href":"https:\/\/coparmexjal.org.mx\/cpx\/wp-json\/wp\/v2\/mec-events\/19593","targetHints":{"allow":["GET"]}}],"collection":[{"href":"https:\/\/coparmexjal.org.mx\/cpx\/wp-json\/wp\/v2\/mec-events"}],"about":[{"href":"https:\/\/coparmexjal.org.mx\/cpx\/wp-json\/wp\/v2\/types\/mec-events"}],"author":[{"embeddable":true,"href":"https:\/\/coparmexjal.org.mx\/cpx\/wp-json\/wp\/v2\/users\/1"}],"replies":[{"embeddable":true,"href":"https:\/\/coparmexjal.org.mx\/cpx\/wp-json\/wp\/v2\/comments?post=19593"}],"wp:featuredmedia":[{"embeddable":true,"href":"https:\/\/coparmexjal.org.mx\/cpx\/wp-json\/wp\/v2\/media\/19196"}],"wp:attachment":[{"href":"https:\/\/coparmexjal.org.mx\/cpx\/wp-json\/wp\/v2\/media?parent=19593"}],"wp:term":[{"taxonomy":"post_tag","embeddable":true,"href":"https:\/\/coparmexjal.org.mx\/cpx\/wp-json\/wp\/v2\/tags?post=19593"},{"taxonomy":"mec_category","embeddable":true,"href":"https:\/\/coparmexjal.org.mx\/cpx\/wp-json\/wp\/v2\/mec_category?post=19593"},{"taxonomy":"mec_speaker","embeddable":true,"href":"https:\/\/coparmexjal.org.mx\/cpx\/wp-json\/wp\/v2\/mec_speaker?post=19593"}],"curies":[{"name":"wp","href":"https:\/\/api.w.org\/{rel}","templated":true}]}}

<p>[vc_row][vc_column width=»1/2&#8243;][vc_column_text]</p>
<p style="text-align: center;"><span style="color: #da0455;"><strong>Ponente:</strong></span></p>
<p><img loading="lazy" decoding="async" class=" wp-image-19594" src="https://coparmexjal.org.mx/cpx/wp-content/uploads/2021/02/Captura-de-Pantalla-2021-02-09-a-las-7.00.01-p.m..png" alt="Ricardo Parra Lemus Carbajal" width="156" height="169" srcset="https://coparmexjal.org.mx/cpx/wp-content/uploads/2021/02/Captura-de-Pantalla-2021-02-09-a-las-7.00.01-p.m..png 556w, https://coparmexjal.org.mx/cpx/wp-content/uploads/2021/02/Captura-de-Pantalla-2021-02-09-a-las-7.00.01-p.m.-278x300.png 278w" sizes="auto, (max-width: 156px) 100vw, 156px" /></p>
<p style="text-align: center;"><strong>Ricardo Parra Lemus Carbajal<br />
</strong>Gerente Regional Ventas Occidente Pacifico</p>
<p><img loading="lazy" decoding="async" class="aligncenter wp-image-19595" src="https://coparmexjal.org.mx/cpx/wp-content/uploads/2021/02/Captura-de-Pantalla-2021-02-09-a-las-7.02.41-p.m..png" alt="" width="127" height="71" srcset="https://coparmexjal.org.mx/cpx/wp-content/uploads/2021/02/Captura-de-Pantalla-2021-02-09-a-las-7.02.41-p.m..png 2836w, https://coparmexjal.org.mx/cpx/wp-content/uploads/2021/02/Captura-de-Pantalla-2021-02-09-a-las-7.02.41-p.m.-600x336.png 600w, https://coparmexjal.org.mx/cpx/wp-content/uploads/2021/02/Captura-de-Pantalla-2021-02-09-a-las-7.02.41-p.m.-300x168.png 300w, https://coparmexjal.org.mx/cpx/wp-content/uploads/2021/02/Captura-de-Pantalla-2021-02-09-a-las-7.02.41-p.m.-1024x573.png 1024w, https://coparmexjal.org.mx/cpx/wp-content/uploads/2021/02/Captura-de-Pantalla-2021-02-09-a-las-7.02.41-p.m.-768x430.png 768w, https://coparmexjal.org.mx/cpx/wp-content/uploads/2021/02/Captura-de-Pantalla-2021-02-09-a-las-7.02.41-p.m.-1536x860.png 1536w, https://coparmexjal.org.mx/cpx/wp-content/uploads/2021/02/Captura-de-Pantalla-2021-02-09-a-las-7.02.41-p.m.-2048x1147.png 2048w" sizes="auto, (max-width: 127px) 100vw, 127px" />[/vc_column_text][/vc_column][vc_column width=»1/2&#8243;][vc_custom_heading text=»WEBINAR sin costo» font_container=»tag:h2|font_size:30PX|text_align:center|color:%23ec8401&#8243; use_theme_fonts=»yes»][/vc_column][/vc_row][vc_row][vc_column][vc_column_text]</p>
<p class="p1" style="text-align: center;"><strong>Lo que los trabajadores quieren.</strong></p>
<p class="p1" style="text-align: center;"><strong>Resolviendo la escasez de talento</strong></p>
<p class="p1">Los tiempos sin precedentes son la nueva normalidad. A nivel mundial, el mercado laboral es limitado. La escasez de talento está en niveles récord y, tras varias décadas, el desempleo al mínimo. Cada vez más los consumidores, empleados y candidatos, se hacen escuchar más fuerte y el papel de las organizaciones se encuentra bajo un escrutinio creciente. Necesitamos nuevas soluciones para el futuro del trabajo y el futuro de los trabajadores. Más de la mitad de las empresas en todo el mundo no pueden encontrar las habilidades que están buscando, casi el doble de lo que era hace una década.</p>
<p>[/vc_column_text][vc_empty_space height=»40px»][dhvc_form id=»19592&#8243;][/vc_column][/vc_row]</p>

<p>[vc_row][vc_column width=»1/2&#8243;][vc_column_text] Ponente: Ricardo Parra Lemus Carbajal Gerente Regional Ventas Occidente Pacifico [/vc_column_text][/vc_column][vc_column width=»1/2&#8243;][vc_custom_heading text=»WEBINAR sin costo» font_container=»tag:h2|font_size:30PX|text_align:center|color:%23ec8401&#8243; use_theme_fonts=»yes»][/vc_column][/vc_row][vc_row][vc_column][vc_column_text] Lo que los trabajadores quieren. Resolviendo la escasez de talento Los tiempos sin precedentes son la nueva normalidad. A nivel mundial, el mercado laboral es limitado. La escasez de talento está en niveles récord y, tras &hellip; </p>
