{"id":19519,"date":"2021-02-04T22:30:43","date_gmt":"2021-02-05T04:30:43","guid":{"rendered":"https:\/\/coparmexjal.org.mx\/cpx\/?post_type=mec-events&#038;p=19519"},"modified":"2021-09-23T13:56:49","modified_gmt":"2021-09-23T18:56:49","slug":"diem","status":"publish","type":"mec-events","link":"https:\/\/coparmexjal.org.mx\/cpx\/cursos\/diem\/","title":{"rendered":"Curso-Taller Direcci\u00f3n de Inteligencia Emocional para L\u00edderes"},"content":{"rendered":"<p>[vc_row][vc_column][vc_row_inner css=\u00bb.vc_custom_1612480713280{background-color: #61be92 !important;}\u00bb][vc_column_inner][vc_custom_heading text=\u00bb\u00bfYa est\u00e1s listo para cambiar tu vida y tus decisiones?\u00bb font_container=\u00bbtag:h2|font_size:25px|text_align:center|color:%23161826|line_height:27px\u00bb google_fonts=\u00bbfont_family:Montserrat%3Aregular%2C700|font_style:700%20bold%20regular%3A700%3Anormal\u00bb][vc_empty_space height=\u00bb20px\u00bb][vc_column_text]<\/p>\n<p style=\"font-size: 18px; color: #ffffff;\">Accede al nuevo Curso-Taller Direcci\u00f3n de Inteligencia Emocional para L\u00edderes y\u00a0<strong>recibe conceptos y herramientas pr\u00e1cticas, para lograr dirigir tus emociones y mejorar tu calidad de vida y los resultados en tu empresa.<\/strong><\/p>\n<p>[\/vc_column_text][\/vc_column_inner][\/vc_row_inner][vc_row_inner][vc_column_inner][vc_empty_space][vc_single_image image=\u00bb20124&#8243; img_size=\u00bbfull\u00bb alignment=\u00bbcenter\u00bb][\/vc_column_inner][\/vc_row_inner][vc_row_inner][vc_column_inner width=\u00bb2\/3&#8243; css=\u00bb.vc_custom_1612492351526{padding-top: 10px !important;padding-bottom: 10px !important;background-color: #000c6d !important;}\u00bb][vc_custom_heading text=\u00bbTodo lo que incluye el programa:\u00bb font_container=\u00bbtag:h3|font_size:20px|text_align:left|color:%23ffffff|line_height:20px\u00bb google_fonts=\u00bbfont_family:Montserrat%3Aregular%2C700|font_style:700%20bold%20regular%3A700%3Anormal\u00bb][\/vc_column_inner][\/vc_row_inner][vc_row_inner][vc_column_inner][vc_empty_space height=\u00bb20px\u00bb][\/vc_column_inner][\/vc_row_inner][vc_row_inner][vc_column_inner][vc_column_text]\u2714 <strong style=\"color: #61be92; font-size: 18px;\">El\u00a0programa completo de Direcci\u00f3n de Inteligencia Emocional para Empresarios<\/strong> que muestra el camino para llevar una mejor vida en la empresa. <a href=\"https:\/\/coparmexjal.org.mx\/diem\/Programa-DIEM.pdf\"><strong>DESC\u00c1RGALO AQU\u00cd<\/strong><\/a><\/p>\n<p>\u2714 <strong style=\"color: #61be92; font-size: 18px;\">4 m\u00f3dulos online en vivo | 16 horas de contenido<\/strong> con todas las herramientas y pr\u00e1cticas que han permitido a otros l\u00edderes a transformar su vida.<\/p>\n<p>\u2714 <strong style=\"color: #61be92; font-size: 18px;\">Acceso al grupo privado de Alumnos de DIEM<\/strong>\u00a0en el que se interact\u00faa de por vida, con todos los otros alumnos para preguntar dudas, aprender de todos ellos y obtener retroalimentaci\u00f3n.<\/p>\n<p>\u2714 <strong style=\"color: #61be92; font-size: 18px;\">Certificado de Participaci\u00f3n\u00a0<\/strong>\u00a0al completar el programa.<\/p>\n<p>\u2714 <strong style=\"color: #61be92; font-size: 18px;\">Workbook | Manual Digital\u00a0<\/strong>\u00a0para trabajar el contenido del curso-taller en cada sesi\u00f3n.[\/vc_column_text][\/vc_column_inner][\/vc_row_inner][vc_row_inner][vc_column_inner][vc_empty_space height=\u00bb20px\u00bb][\/vc_column_inner][\/vc_row_inner][vc_row_inner][vc_column_inner width=\u00bb1\/2&#8243; css=\u00bb.vc_custom_1612494104699{border-top-width: 10px !important;border-right-width: 10px !important;border-bottom-width: 10px !important;border-left-width: 10px !important;border-left-color: #0053ad !important;border-left-style: solid !important;border-right-color: #0053ad !important;border-right-style: solid !important;border-top-color: #0053ad !important;border-top-style: solid !important;border-bottom-color: #0053ad !important;border-bottom-style: solid !important;border-radius: 30px !important;}\u00bb][vc_column_text]<\/p>\n<p style=\"text-align: center;\"><strong>Al inscribirte antes del mi\u00e9rcoles 29 septiembre<\/strong><br \/>\n<span style=\"font-size: 20px; color: #61be92;\">Incluimos sin costo adicional un<br \/>\n<strong>reto de meditaci\u00f3n<\/strong> <strong>de 7 d\u00edas <\/strong><\/span><br \/>\norientada a encontrar el equilibro emocional en tu vida.<\/p>\n<p>[\/vc_column_text][\/vc_column_inner][vc_column_inner width=\u00bb1\/2&#8243; css=\u00bb.vc_custom_1612494706764{background-color: # !important;}\u00bb][vc_empty_space][vc_column_text css=\u00bb.vc_custom_1612495022851{padding-top: 15px !important;padding-right: 15px !important;padding-bottom: 15px !important;padding-left: 15px !important;background-color: #161826 !important;}\u00bb]<\/p>\n<p style=\"text-align: center;\"><span style=\"color: #ffffff;\">Este programa ha sido dise\u00f1ado para transformar tus paradigmas y perspectivas con un sistema que permite mantener el equilibrio en tu vida y tomar mejores decisiones.<\/span><\/p>\n<p>[\/vc_column_text][\/vc_column_inner][\/vc_row_inner][\/vc_column][\/vc_row][vc_row][vc_column][vc_empty_space height=\u00bb52px\u00bb][vc_custom_heading text=\u00bbPreguntas frecuentes\u00bb font_container=\u00bbtag:h2|font_size:20px|text_align:center|color:%23ffffff\u00bb google_fonts=\u00bbfont_family:Montserrat%3Aregular%2C700|font_style:700%20bold%20regular%3A700%3Anormal\u00bb css=\u00bb.vc_custom_1612495424076{padding-top: 15px !important;padding-right: 15px !important;padding-bottom: 15px !important;padding-left: 15px !important;background-color: #000c6d !important;}\u00bb][vc_tta_accordion][vc_tta_section i_icon_fontawesome=\u00bbfa fa-calendar-o\u00bb add_icon=\u00bbtrue\u00bb title=\u00bb\u00bfCu\u00e1l es el calendario de las sesiones?\u00bb tab_id=\u00bb1612495433812-b1d831d9-add3&#8243;][vc_column_text]<strong>El programa se compone de 4 m\u00f3dulos en vivo<\/strong> con duraci\u00f3n de 4 horas cada uno, impartidos de manera online, los d\u00edas: S\u00e1bado 2 de octubre, Mi\u00e9rcoles 6 de octubre, Mi\u00e9rcoles 13 de octubre 16:00 a 20:00 hrs y S\u00e1bado 23 de octubre 09:30 a 13:30 hrs.<\/p>\n<p><strong>Todas las sesiones quedan grabadas por cuatro meses<\/strong> para el continuo seguimiento de los temas impartidos, por lo que el alumno podr\u00e1 avanzar y regresar libremente en el contenido.[\/vc_column_text][\/vc_tta_section][vc_tta_section i_icon_fontawesome=\u00bbfa fa-video-camera\u00bb add_icon=\u00bbtrue\u00bb title=\u00bb\u00bfQu\u00e9 modalidad es el curso?\u00bb tab_id=\u00bb1612495433852-87a8b414-09a7&#8243;][vc_column_text]<\/p>\n<p data-pm-slice=\"1 1 []\"><strong>El programa es Online en vivo con las sesiones grabadas.<\/strong><br \/>\nS\u00e1bados de 09:30 a 13:30 horas<br \/>\nMi\u00e9rcoles de 16:00 a 20 horas<\/p>\n<p>[\/vc_column_text][\/vc_tta_section][vc_tta_section i_icon_fontawesome=\u00bbfa fa-file-text-o\u00bb add_icon=\u00bbtrue\u00bb title=\u00bb\u00bfMe pueden facturar el programa?\u00bb tab_id=\u00bb1612495766174-8b0f99ca-aa08&#8243;][vc_column_text]<\/p>\n<p data-pm-slice=\"1 1 []\">S\u00ed, el precio incluye todos los impuestos y se genera factura por el valor total que pagaste.<\/p>\n<p>[\/vc_column_text][\/vc_tta_section][vc_tta_section i_icon_fontawesome=\u00bbfa fa-envelope\u00bb add_icon=\u00bbtrue\u00bb title=\u00bb\u00bfC\u00f3mo se accede a los contenidos?\u00bb tab_id=\u00bb1612495804445-2baf1c6e-c64f\u00bb][vc_column_text]<\/p>\n<p data-pm-slice=\"1 1 []\">A trav\u00e9s de tu correo electr\u00f3nico, recibir\u00e1s los links para conectarte a cada clase.<\/p>\n<p>[\/vc_column_text][\/vc_tta_section][vc_tta_section i_icon_fontawesome=\u00bbfa fa-user-o\u00bb add_icon=\u00bbtrue\u00bb title=\u00bbNo tengo una empresa para dirigir, pero quiero tomar el programa \u00bfes para m\u00ed?\u00bb tab_id=\u00bb1612495860018-569d943c-0ae7&#8243;][vc_column_text]<\/p>\n<p data-pm-slice=\"1 1 []\">El programa ha sido dise\u00f1ado para l\u00edderes, empresarios, directores, gerentes y ejecutivos; sin embargo el programa es abierto para todo aquel que quiera aprender a dirigir sus emociones buscando impactar positivamente en su vida personal y profesional.<\/p>\n<p>[\/vc_column_text][\/vc_tta_section][vc_tta_section i_icon_fontawesome=\u00bbfa fa-question-circle\u00bb add_icon=\u00bbtrue\u00bb title=\u00bb\u00bfNecesitas ayuda o tienes alguna pregunta?\u00bb tab_id=\u00bb1612495963136-ed539fb5-1458&#8243;][vc_column_text]<\/p>\n<p data-pm-slice=\"1 1 []\">Si tienes cualquier pregunta, puedes conectar con nosotros a trav\u00e9s de nuestro chat de soporte o Whatsapp de soporte.<\/p>\n<p>[\/vc_column_text][\/vc_tta_section][\/vc_tta_accordion][\/vc_column][\/vc_row][vc_row][vc_column][vc_empty_space][\/vc_column][\/vc_row][vc_row el_id=\u00bbcomprar\u00bb][vc_column width=\u00bb1\/2&#8243;][vc_column_text]<\/p>\n<p style=\"font-size: 20px;\"><strong style=\"color: #0071ce;\">Socio Coparmex:<\/strong><\/p>\n<p>solicita tu c\u00f3digo promocional y obt\u00e9n <strong style=\"color: #96bd13;\">un descuento adicional <\/strong> en todos los cursos.<\/p>\n<p>[\/vc_column_text][\/vc_column][vc_column width=\u00bb1\/2&#8243;][vc_tta_accordion style=\u00bbmodern\u00bb c_icon=\u00bbtriangle\u00bb active_section=\u00bb0&#8243; no_fill=\u00bbtrue\u00bb collapsible_all=\u00bbtrue\u00bb][vc_tta_section title=\u00bbQuiero que me contacte un asesor\u00bb tab_id=\u00bb1592500042006-800fdc9e-0f56&#8243;][dhvc_form id=\u00bb19061&#8243;][\/vc_tta_section][\/vc_tta_accordion][\/vc_column][\/vc_row][vc_row el_id=\u00bbcomprar\u00bb][vc_column][\/vc_column][\/vc_row]<\/p>\n","protected":false},"excerpt":{"rendered":"<p>[vc_row][vc_column][vc_row_inner css=\u00bb.vc_custom_1612480713280{background-color: #61be92 !important;}\u00bb][vc_column_inner][vc_custom_heading text=\u00bb\u00bfYa est\u00e1s listo para cambiar tu vida y tus decisiones?\u00bb font_container=\u00bbtag:h2|font_size:25px|text_align:center|color:%23161826|line_height:27px\u00bb google_fonts=\u00bbfont_family:Montserrat%3Aregular%2C700|font_style:700%20bold%20regular%3A700%3Anormal\u00bb][vc_empty_space height=\u00bb20px\u00bb][vc_column_text] Accede al nuevo Curso-Taller Direcci\u00f3n de Inteligencia Emocional para L\u00edderes y\u00a0recibe conceptos y herramientas pr\u00e1cticas, para lograr dirigir tus emociones y mejorar tu calidad de vida y los resultados en tu empresa. [\/vc_column_text][\/vc_column_inner][\/vc_row_inner][vc_row_inner][vc_column_inner][vc_empty_space][vc_single_image image=\u00bb20124&#8243; img_size=\u00bbfull\u00bb alignment=\u00bbcenter\u00bb][\/vc_column_inner][\/vc_row_inner][vc_row_inner][vc_column_inner width=\u00bb2\/3&#8243; css=\u00bb.vc_custom_1612492351526{padding-top: &hellip; <\/p>\n","protected":false},"author":1,"featured_media":20092,"comment_status":"closed","ping_status":"closed","template":"","tags":[],"mec_category":[900,673,904],"mec_speaker":[],"class_list":["post-19519","mec-events","type-mec-events","status-publish","has-post-thumbnail","hentry","mec_category-academia-de-desarrollo-organizacional","mec_category-habilidades","mec_category-webinar"],"_links":{"self":[{"href":"https:\/\/coparmexjal.org.mx\/cpx\/wp-json\/wp\/v2\/mec-events\/19519","targetHints":{"allow":["GET"]}}],"collection":[{"href":"https:\/\/coparmexjal.org.mx\/cpx\/wp-json\/wp\/v2\/mec-events"}],"about":[{"href":"https:\/\/coparmexjal.org.mx\/cpx\/wp-json\/wp\/v2\/types\/mec-events"}],"author":[{"embeddable":true,"href":"https:\/\/coparmexjal.org.mx\/cpx\/wp-json\/wp\/v2\/users\/1"}],"replies":[{"embeddable":true,"href":"https:\/\/coparmexjal.org.mx\/cpx\/wp-json\/wp\/v2\/comments?post=19519"}],"wp:featuredmedia":[{"embeddable":true,"href":"https:\/\/coparmexjal.org.mx\/cpx\/wp-json\/wp\/v2\/media\/20092"}],"wp:attachment":[{"href":"https:\/\/coparmexjal.org.mx\/cpx\/wp-json\/wp\/v2\/media?parent=19519"}],"wp:term":[{"taxonomy":"post_tag","embeddable":true,"href":"https:\/\/coparmexjal.org.mx\/cpx\/wp-json\/wp\/v2\/tags?post=19519"},{"taxonomy":"mec_category","embeddable":true,"href":"https:\/\/coparmexjal.org.mx\/cpx\/wp-json\/wp\/v2\/mec_category?post=19519"},{"taxonomy":"mec_speaker","embeddable":true,"href":"https:\/\/coparmexjal.org.mx\/cpx\/wp-json\/wp\/v2\/mec_speaker?post=19519"}],"curies":[{"name":"wp","href":"https:\/\/api.w.org\/{rel}","templated":true}]}}

Curso-Taller Dirección de Inteligencia Emocional para Líderes

<p>[vc_row][vc_column][vc_row_inner css=».vc_custom_1612480713280{background-color: #61be92 !important;}»][vc_column_inner][vc_custom_heading text=»¿Ya estás listo para cambiar tu vida y tus decisiones?» font_container=»tag:h2|font_size:25px|text_align:center|color:%23161826|line_height:27px» google_fonts=»font_family:Montserrat%3Aregular%2C700|font_style:700%20bold%20regular%3A700%3Anormal»][vc_empty_space height=»20px»][vc_column_text]</p>
<p style="font-size: 18px; color: #ffffff;">Accede al nuevo Curso-Taller Dirección de Inteligencia Emocional para Líderes y <strong>recibe conceptos y herramientas prácticas, para lograr dirigir tus emociones y mejorar tu calidad de vida y los resultados en tu empresa.</strong></p>
<p>[/vc_column_text][/vc_column_inner][/vc_row_inner][vc_row_inner][vc_column_inner][vc_empty_space][vc_single_image image=»20124&#8243; img_size=»full» alignment=»center»][/vc_column_inner][/vc_row_inner][vc_row_inner][vc_column_inner width=»2/3&#8243; css=».vc_custom_1612492351526{padding-top: 10px !important;padding-bottom: 10px !important;background-color: #000c6d !important;}»][vc_custom_heading text=»Todo lo que incluye el programa:» font_container=»tag:h3|font_size:20px|text_align:left|color:%23ffffff|line_height:20px» google_fonts=»font_family:Montserrat%3Aregular%2C700|font_style:700%20bold%20regular%3A700%3Anormal»][/vc_column_inner][/vc_row_inner][vc_row_inner][vc_column_inner][vc_empty_space height=»20px»][/vc_column_inner][/vc_row_inner][vc_row_inner][vc_column_inner][vc_column_text]✔ <strong style="color: #61be92; font-size: 18px;">El programa completo de Dirección de Inteligencia Emocional para Empresarios</strong> que muestra el camino para llevar una mejor vida en la empresa. <a href="https://coparmexjal.org.mx/diem/Programa-DIEM.pdf"><strong>DESCÁRGALO AQUÍ</strong></a></p>
<p>✔ <strong style="color: #61be92; font-size: 18px;">4 módulos online en vivo | 16 horas de contenido</strong> con todas las herramientas y prácticas que han permitido a otros líderes a transformar su vida.</p>
<p>✔ <strong style="color: #61be92; font-size: 18px;">Acceso al grupo privado de Alumnos de DIEM</strong> en el que se interactúa de por vida, con todos los otros alumnos para preguntar dudas, aprender de todos ellos y obtener retroalimentación.</p>
<p>✔ <strong style="color: #61be92; font-size: 18px;">Certificado de Participación </strong> al completar el programa.</p>
<p>✔ <strong style="color: #61be92; font-size: 18px;">Workbook | Manual Digital </strong> para trabajar el contenido del curso-taller en cada sesión.[/vc_column_text][/vc_column_inner][/vc_row_inner][vc_row_inner][vc_column_inner][vc_empty_space height=»20px»][/vc_column_inner][/vc_row_inner][vc_row_inner][vc_column_inner width=»1/2&#8243; css=».vc_custom_1612494104699{border-top-width: 10px !important;border-right-width: 10px !important;border-bottom-width: 10px !important;border-left-width: 10px !important;border-left-color: #0053ad !important;border-left-style: solid !important;border-right-color: #0053ad !important;border-right-style: solid !important;border-top-color: #0053ad !important;border-top-style: solid !important;border-bottom-color: #0053ad !important;border-bottom-style: solid !important;border-radius: 30px !important;}»][vc_column_text]</p>
<p style="text-align: center;"><strong>Al inscribirte antes del miércoles 29 septiembre</strong><br />
<span style="font-size: 20px; color: #61be92;">Incluimos sin costo adicional un<br />
<strong>reto de meditación</strong> <strong>de 7 días </strong></span><br />
orientada a encontrar el equilibro emocional en tu vida.</p>
<p>[/vc_column_text][/vc_column_inner][vc_column_inner width=»1/2&#8243; css=».vc_custom_1612494706764{background-color: # !important;}»][vc_empty_space][vc_column_text css=».vc_custom_1612495022851{padding-top: 15px !important;padding-right: 15px !important;padding-bottom: 15px !important;padding-left: 15px !important;background-color: #161826 !important;}»]</p>
<p style="text-align: center;"><span style="color: #ffffff;">Este programa ha sido diseñado para transformar tus paradigmas y perspectivas con un sistema que permite mantener el equilibrio en tu vida y tomar mejores decisiones.</span></p>
<p>[/vc_column_text][/vc_column_inner][/vc_row_inner][/vc_column][/vc_row][vc_row][vc_column][vc_empty_space height=»52px»][vc_custom_heading text=»Preguntas frecuentes» font_container=»tag:h2|font_size:20px|text_align:center|color:%23ffffff» google_fonts=»font_family:Montserrat%3Aregular%2C700|font_style:700%20bold%20regular%3A700%3Anormal» css=».vc_custom_1612495424076{padding-top: 15px !important;padding-right: 15px !important;padding-bottom: 15px !important;padding-left: 15px !important;background-color: #000c6d !important;}»][vc_tta_accordion][vc_tta_section i_icon_fontawesome=»fa fa-calendar-o» add_icon=»true» title=»¿Cuál es el calendario de las sesiones?» tab_id=»1612495433812-b1d831d9-add3&#8243;][vc_column_text]<strong>El programa se compone de 4 módulos en vivo</strong> con duración de 4 horas cada uno, impartidos de manera online, los días: Sábado 2 de octubre, Miércoles 6 de octubre, Miércoles 13 de octubre 16:00 a 20:00 hrs y Sábado 23 de octubre 09:30 a 13:30 hrs.</p>
<p><strong>Todas las sesiones quedan grabadas por cuatro meses</strong> para el continuo seguimiento de los temas impartidos, por lo que el alumno podrá avanzar y regresar libremente en el contenido.[/vc_column_text][/vc_tta_section][vc_tta_section i_icon_fontawesome=»fa fa-video-camera» add_icon=»true» title=»¿Qué modalidad es el curso?» tab_id=»1612495433852-87a8b414-09a7&#8243;][vc_column_text]</p>
<p data-pm-slice="1 1 []"><strong>El programa es Online en vivo con las sesiones grabadas.</strong><br />
Sábados de 09:30 a 13:30 horas<br />
Miércoles de 16:00 a 20 horas</p>
<p>[/vc_column_text][/vc_tta_section][vc_tta_section i_icon_fontawesome=»fa fa-file-text-o» add_icon=»true» title=»¿Me pueden facturar el programa?» tab_id=»1612495766174-8b0f99ca-aa08&#8243;][vc_column_text]</p>
<p data-pm-slice="1 1 []">Sí, el precio incluye todos los impuestos y se genera factura por el valor total que pagaste.</p>
<p>[/vc_column_text][/vc_tta_section][vc_tta_section i_icon_fontawesome=»fa fa-envelope» add_icon=»true» title=»¿Cómo se accede a los contenidos?» tab_id=»1612495804445-2baf1c6e-c64f»][vc_column_text]</p>
<p data-pm-slice="1 1 []">A través de tu correo electrónico, recibirás los links para conectarte a cada clase.</p>
<p>[/vc_column_text][/vc_tta_section][vc_tta_section i_icon_fontawesome=»fa fa-user-o» add_icon=»true» title=»No tengo una empresa para dirigir, pero quiero tomar el programa ¿es para mí?» tab_id=»1612495860018-569d943c-0ae7&#8243;][vc_column_text]</p>
<p data-pm-slice="1 1 []">El programa ha sido diseñado para líderes, empresarios, directores, gerentes y ejecutivos; sin embargo el programa es abierto para todo aquel que quiera aprender a dirigir sus emociones buscando impactar positivamente en su vida personal y profesional.</p>
<p>[/vc_column_text][/vc_tta_section][vc_tta_section i_icon_fontawesome=»fa fa-question-circle» add_icon=»true» title=»¿Necesitas ayuda o tienes alguna pregunta?» tab_id=»1612495963136-ed539fb5-1458&#8243;][vc_column_text]</p>
<p data-pm-slice="1 1 []">Si tienes cualquier pregunta, puedes conectar con nosotros a través de nuestro chat de soporte o Whatsapp de soporte.</p>
<p>[/vc_column_text][/vc_tta_section][/vc_tta_accordion][/vc_column][/vc_row][vc_row][vc_column][vc_empty_space][/vc_column][/vc_row][vc_row el_id=»comprar»][vc_column width=»1/2&#8243;][vc_column_text]</p>
<p style="font-size: 20px;"><strong style="color: #0071ce;">Socio Coparmex:</strong></p>
<p>solicita tu código promocional y obtén <strong style="color: #96bd13;">un descuento adicional </strong> en todos los cursos.</p>
<p>[/vc_column_text][/vc_column][vc_column width=»1/2&#8243;][vc_tta_accordion style=»modern» c_icon=»triangle» active_section=»0&#8243; no_fill=»true» collapsible_all=»true»][vc_tta_section title=»Quiero que me contacte un asesor» tab_id=»1592500042006-800fdc9e-0f56&#8243;][dhvc_form id=»19061&#8243;][/vc_tta_section][/vc_tta_accordion][/vc_column][/vc_row][vc_row el_id=»comprar»][vc_column][/vc_column][/vc_row]</p>

<p>[vc_row][vc_column][vc_row_inner css=».vc_custom_1612480713280{background-color: #61be92 !important;}»][vc_column_inner][vc_custom_heading text=»¿Ya estás listo para cambiar tu vida y tus decisiones?» font_container=»tag:h2|font_size:25px|text_align:center|color:%23161826|line_height:27px» google_fonts=»font_family:Montserrat%3Aregular%2C700|font_style:700%20bold%20regular%3A700%3Anormal»][vc_empty_space height=»20px»][vc_column_text] Accede al nuevo Curso-Taller Dirección de Inteligencia Emocional para Líderes y recibe conceptos y herramientas prácticas, para lograr dirigir tus emociones y mejorar tu calidad de vida y los resultados en tu empresa. [/vc_column_text][/vc_column_inner][/vc_row_inner][vc_row_inner][vc_column_inner][vc_empty_space][vc_single_image image=»20124&#8243; img_size=»full» alignment=»center»][/vc_column_inner][/vc_row_inner][vc_row_inner][vc_column_inner width=»2/3&#8243; css=».vc_custom_1612492351526{padding-top: &hellip; </p>
