{"id":18534,"date":"2020-05-12T18:16:00","date_gmt":"2020-05-12T23:16:00","guid":{"rendered":"https:\/\/coparmexjal.org.mx\/?post_type=mec-events&#038;p=18534"},"modified":"2020-05-12T18:16:57","modified_gmt":"2020-05-12T23:16:57","slug":"ventas-por-whatsapp2","status":"publish","type":"mec-events","link":"https:\/\/coparmexjal.org.mx\/cpx\/cursos\/ventas-por-whatsapp2\/","title":{"rendered":"Ventas por Whatsapp"},"content":{"rendered":"<p>[vc_row][vc_column width=\u00bb1\/2&#8243;][vc_column_text]<span style=\"color: #da0455;\"><strong>Ponente:<\/strong><\/span><\/p>\n<p>Alvaro Ferreira[\/vc_column_text][\/vc_column][vc_column width=\u00bb1\/2&#8243;][vc_custom_heading text=\u00bbWEBINAR\u00bb font_container=\u00bbtag:h2|font_size:30PX|text_align:center|color:%23ec8401&#8243; use_theme_fonts=\u00bbyes\u00bb][\/vc_column][\/vc_row][vc_row][vc_column][vc_column_text]<strong>OBJETIVO:<\/strong><\/p>\n<p>Crear una estrategia de venta utilizando la aplicaci\u00f3n de mensajer\u00eda m\u00e1s utilizada. Definir los pasos a seguir desde captar prospectos hasta cerrar las ventas.<\/p>\n<p><strong>Objetivos espec\u00edficos<\/strong><br \/>\n\u2022 Aprovechar las comunicaciones digitales para mover nuestro negocio.<br \/>\n\u2022 Estructurar estrategia de ventas.<\/p>\n<p><strong>DIRIGIDO A:<\/strong><\/p>\n<p>Responsables del \u00e1rea de recursos humanos, capital humano, o cualquier \u00e1rea que lleve seguimiento a requerimientos legales.<\/p>\n<p><strong>PROGRAMA: <\/strong><\/p>\n<ol>\n<li>WhatsApp como herramienta de trabajo\n<ul>\n<li>WhatsApp Business<\/li>\n<li>Configuraci\u00f3n<\/li>\n<li>Versi\u00f3n Web<\/li>\n<li>Link corto para publicar en web y redes sociales<\/li>\n<\/ul>\n<\/li>\n<li>Obtener Contactos (CTA)\n<ul>\n<li>a. Organiza tus contactos<\/li>\n<\/ul>\n<\/li>\n<li>Listas de distribuci\u00f3n<\/li>\n<li>Contenido de inter\u00e9s\n<ul>\n<li>a. Tipos de contenidos<\/li>\n<li>b. Estructura de mensajes<\/li>\n<\/ul>\n<\/li>\n<li>Estrategia de venta<\/li>\n<li>Errores comunes al usar WhatsApp como empresa<\/li>\n<li>Seguimiento (CRM)<\/li>\n<\/ol>\n<p>[\/vc_column_text][vc_empty_space height=\u00bb10px\u00bb][vc_single_image image=\u00bb18090&#8243; img_size=\u00bbfull\u00bb alignment=\u00bbcenter\u00bb][\/vc_column][\/vc_row]<\/p>\n","protected":false},"excerpt":{"rendered":"<p>[vc_row][vc_column width=\u00bb1\/2&#8243;][vc_column_text]Ponente: Alvaro Ferreira[\/vc_column_text][\/vc_column][vc_column width=\u00bb1\/2&#8243;][vc_custom_heading text=\u00bbWEBINAR\u00bb font_container=\u00bbtag:h2|font_size:30PX|text_align:center|color:%23ec8401&#8243; use_theme_fonts=\u00bbyes\u00bb][\/vc_column][\/vc_row][vc_row][vc_column][vc_column_text]OBJETIVO: Crear una estrategia de venta utilizando la aplicaci\u00f3n de mensajer\u00eda m\u00e1s utilizada. Definir los pasos a seguir desde captar prospectos hasta cerrar las ventas. Objetivos espec\u00edficos \u2022 Aprovechar las comunicaciones digitales para mover nuestro negocio. \u2022 Estructurar estrategia de ventas. DIRIGIDO A: Responsables del \u00e1rea de recursos &hellip; <\/p>\n","protected":false},"author":1,"featured_media":18091,"comment_status":"closed","ping_status":"closed","template":"","tags":[],"mec_category":[901,877,904],"mec_speaker":[],"class_list":["post-18534","mec-events","type-mec-events","status-publish","has-post-thumbnail","hentry","mec_category-academia-de-mercado","mec_category-ventas","mec_category-webinar"],"_links":{"self":[{"href":"https:\/\/coparmexjal.org.mx\/cpx\/wp-json\/wp\/v2\/mec-events\/18534","targetHints":{"allow":["GET"]}}],"collection":[{"href":"https:\/\/coparmexjal.org.mx\/cpx\/wp-json\/wp\/v2\/mec-events"}],"about":[{"href":"https:\/\/coparmexjal.org.mx\/cpx\/wp-json\/wp\/v2\/types\/mec-events"}],"author":[{"embeddable":true,"href":"https:\/\/coparmexjal.org.mx\/cpx\/wp-json\/wp\/v2\/users\/1"}],"replies":[{"embeddable":true,"href":"https:\/\/coparmexjal.org.mx\/cpx\/wp-json\/wp\/v2\/comments?post=18534"}],"wp:featuredmedia":[{"embeddable":true,"href":"https:\/\/coparmexjal.org.mx\/cpx\/wp-json\/wp\/v2\/media\/18091"}],"wp:attachment":[{"href":"https:\/\/coparmexjal.org.mx\/cpx\/wp-json\/wp\/v2\/media?parent=18534"}],"wp:term":[{"taxonomy":"post_tag","embeddable":true,"href":"https:\/\/coparmexjal.org.mx\/cpx\/wp-json\/wp\/v2\/tags?post=18534"},{"taxonomy":"mec_category","embeddable":true,"href":"https:\/\/coparmexjal.org.mx\/cpx\/wp-json\/wp\/v2\/mec_category?post=18534"},{"taxonomy":"mec_speaker","embeddable":true,"href":"https:\/\/coparmexjal.org.mx\/cpx\/wp-json\/wp\/v2\/mec_speaker?post=18534"}],"curies":[{"name":"wp","href":"https:\/\/api.w.org\/{rel}","templated":true}]}}

<p>[vc_row][vc_column width=»1/2&#8243;][vc_column_text]<span style="color: #da0455;"><strong>Ponente:</strong></span></p>
<p>Alvaro Ferreira[/vc_column_text][/vc_column][vc_column width=»1/2&#8243;][vc_custom_heading text=»WEBINAR» font_container=»tag:h2|font_size:30PX|text_align:center|color:%23ec8401&#8243; use_theme_fonts=»yes»][/vc_column][/vc_row][vc_row][vc_column][vc_column_text]<strong>OBJETIVO:</strong></p>
<p>Crear una estrategia de venta utilizando la aplicación de mensajería más utilizada. Definir los pasos a seguir desde captar prospectos hasta cerrar las ventas.</p>
<p><strong>Objetivos específicos</strong><br />
• Aprovechar las comunicaciones digitales para mover nuestro negocio.<br />
• Estructurar estrategia de ventas.</p>
<p><strong>DIRIGIDO A:</strong></p>
<p>Responsables del área de recursos humanos, capital humano, o cualquier área que lleve seguimiento a requerimientos legales.</p>
<p><strong>PROGRAMA: </strong></p>
<ol>
<li>WhatsApp como herramienta de trabajo
<ul>
<li>WhatsApp Business</li>
<li>Configuración</li>
<li>Versión Web</li>
<li>Link corto para publicar en web y redes sociales</li>
</ul>
</li>
<li>Obtener Contactos (CTA)
<ul>
<li>a. Organiza tus contactos</li>
</ul>
</li>
<li>Listas de distribución</li>
<li>Contenido de interés
<ul>
<li>a. Tipos de contenidos</li>
<li>b. Estructura de mensajes</li>
</ul>
</li>
<li>Estrategia de venta</li>
<li>Errores comunes al usar WhatsApp como empresa</li>
<li>Seguimiento (CRM)</li>
</ol>
<p>[/vc_column_text][vc_empty_space height=»10px»][vc_single_image image=»18090&#8243; img_size=»full» alignment=»center»][/vc_column][/vc_row]</p>

<p>[vc_row][vc_column width=»1/2&#8243;][vc_column_text]Ponente: Alvaro Ferreira[/vc_column_text][/vc_column][vc_column width=»1/2&#8243;][vc_custom_heading text=»WEBINAR» font_container=»tag:h2|font_size:30PX|text_align:center|color:%23ec8401&#8243; use_theme_fonts=»yes»][/vc_column][/vc_row][vc_row][vc_column][vc_column_text]OBJETIVO: Crear una estrategia de venta utilizando la aplicación de mensajería más utilizada. Definir los pasos a seguir desde captar prospectos hasta cerrar las ventas. Objetivos específicos • Aprovechar las comunicaciones digitales para mover nuestro negocio. • Estructurar estrategia de ventas. DIRIGIDO A: Responsables del área de recursos &hellip; </p>
