{"id":13656,"date":"2019-05-03T11:18:35","date_gmt":"2019-05-03T16:18:35","guid":{"rendered":"http:\/\/coparmexjal.org.mx\/?post_type=mec-events&#038;p=13656"},"modified":"2019-06-05T14:19:36","modified_gmt":"2019-06-05T19:19:36","slug":"especializacion-en-ventas","status":"publish","type":"mec-events","link":"https:\/\/coparmexjal.org.mx\/cpx\/cursos\/especializacion-en-ventas\/","title":{"rendered":"Especializaci\u00f3n en Ventas"},"content":{"rendered":"<p><b>Objetivo: <\/b>El participante aprender\u00e1 el arte de las ventas con base en las nuevas t\u00e9cnicas y desarrollar\u00e1 habilidades que le permitan saber escuchar al cliente y detectar sus necesidades<\/p>\n<p><b>Perfil: <\/b>Vendedores<\/p>\n<p><b>Beneficios: <\/b>Al finalizar el programa habr\u00e1 adquirido herramientas para captar la atenci\u00f3n del cliente y crear experiencias que lo envuelvan positivamente.<\/p>\n<p><strong>Instructor:\u00a0<\/strong>David Olvera.<\/p>\n<p>&nbsp;<\/p>\n<p style=\"text-align: center;\"><strong>*Si eres Socio Coparmex obt\u00e9n un precio especial.<\/strong><\/p>\n<p class=\"m_-8083661759571465112p1\" style=\"text-align: center;\">[button alignment=\u00bbtext-center\u00bb color=\u00bbbtn-default\u00bb size=\u00bbbtn-lg\u00bb link=\u00bbhttp:\/\/coparmexjal.org.<wbr \/>mx\/temarios\/2019\/especializacion-en-ventas.pdf\u00bb<span style=\"color: #222222;\"> target=\u00bb_blank\u00bb ]Ver temario[\/button]<\/span><\/p>\n","protected":false},"excerpt":{"rendered":"<p>Objetivo: El participante aprender\u00e1 el arte de las ventas con base en las nuevas t\u00e9cnicas y desarrollar\u00e1 habilidades que le permitan saber escuchar al cliente y detectar sus necesidades Perfil: Vendedores Beneficios: Al finalizar el programa habr\u00e1 adquirido herramientas para captar la atenci\u00f3n del cliente y crear experiencias que lo envuelvan positivamente. Instructor:\u00a0David Olvera. &nbsp; &hellip; <\/p>\n","protected":false},"author":1,"featured_media":13657,"comment_status":"closed","ping_status":"closed","template":"","tags":[],"mec_category":[877],"mec_speaker":[],"class_list":["post-13656","mec-events","type-mec-events","status-publish","has-post-thumbnail","hentry","mec_category-ventas"],"_links":{"self":[{"href":"https:\/\/coparmexjal.org.mx\/cpx\/wp-json\/wp\/v2\/mec-events\/13656","targetHints":{"allow":["GET"]}}],"collection":[{"href":"https:\/\/coparmexjal.org.mx\/cpx\/wp-json\/wp\/v2\/mec-events"}],"about":[{"href":"https:\/\/coparmexjal.org.mx\/cpx\/wp-json\/wp\/v2\/types\/mec-events"}],"author":[{"embeddable":true,"href":"https:\/\/coparmexjal.org.mx\/cpx\/wp-json\/wp\/v2\/users\/1"}],"replies":[{"embeddable":true,"href":"https:\/\/coparmexjal.org.mx\/cpx\/wp-json\/wp\/v2\/comments?post=13656"}],"wp:featuredmedia":[{"embeddable":true,"href":"https:\/\/coparmexjal.org.mx\/cpx\/wp-json\/wp\/v2\/media\/13657"}],"wp:attachment":[{"href":"https:\/\/coparmexjal.org.mx\/cpx\/wp-json\/wp\/v2\/media?parent=13656"}],"wp:term":[{"taxonomy":"post_tag","embeddable":true,"href":"https:\/\/coparmexjal.org.mx\/cpx\/wp-json\/wp\/v2\/tags?post=13656"},{"taxonomy":"mec_category","embeddable":true,"href":"https:\/\/coparmexjal.org.mx\/cpx\/wp-json\/wp\/v2\/mec_category?post=13656"},{"taxonomy":"mec_speaker","embeddable":true,"href":"https:\/\/coparmexjal.org.mx\/cpx\/wp-json\/wp\/v2\/mec_speaker?post=13656"}],"curies":[{"name":"wp","href":"https:\/\/api.w.org\/{rel}","templated":true}]}}

Especialización en Ventas

<p><b>Objetivo: </b>El participante aprenderá el arte de las ventas con base en las nuevas técnicas y desarrollará habilidades que le permitan saber escuchar al cliente y detectar sus necesidades</p>
<p><b>Perfil: </b>Vendedores</p>
<p><b>Beneficios: </b>Al finalizar el programa habrá adquirido herramientas para captar la atención del cliente y crear experiencias que lo envuelvan positivamente.</p>
<p><strong>Instructor: </strong>David Olvera.</p>
<p>&nbsp;</p>
<p style="text-align: center;"><strong>*Si eres Socio Coparmex obtén un precio especial.</strong></p>
<p class="m_-8083661759571465112p1" style="text-align: center;">[button alignment=»text-center» color=»btn-default» size=»btn-lg» link=»http://coparmexjal.org.<wbr />mx/temarios/2019/especializacion-en-ventas.pdf»<span style="color: #222222;"> target=»_blank» ]Ver temario[/button]</span></p>

<p>Objetivo: El participante aprenderá el arte de las ventas con base en las nuevas técnicas y desarrollará habilidades que le permitan saber escuchar al cliente y detectar sus necesidades Perfil: Vendedores Beneficios: Al finalizar el programa habrá adquirido herramientas para captar la atención del cliente y crear experiencias que lo envuelvan positivamente. Instructor: David Olvera. &nbsp; &hellip; </p>
